54.203.176.174 - - [19/Jul/2025:23:56:06 -0400] "GET /wp-content/litespeed/js/b4b38b77877cebb39278d6815f52859a.js?ver=2859a HTTP/3" 200 1443 "https://gtc.staging-area.xyz/" "Mozilla/5.0 (iPhone; CPU iPhone OS 14_4 like Mac OS X) AppleWebKit/605.1.15 (KHTML, like Gecko) Version/15.4 Mobile/15E148 Safari/604.1"
54.203.176.174 - - [19/Jul/2025:23:56:06 -0400] "GET /wp-content/uploads/2024/03/unnamed-1.png.webp HTTP/3" 200 1698 "https://gtc.staging-area.xyz/" "Mozilla/5.0 (iPhone; CPU iPhone OS 14_4 like Mac OS X) AppleWebKit/605.1.15 (KHTML, like Gecko) Version/15.4 Mobile/15E148 Safari/604.1"
54.203.176.174 - - [19/Jul/2025:23:56:06 -0400] "GET /wp-content/litespeed/js/3499387c60c05729fb771c90a1a189dd.js?ver=189dd HTTP/3" 200 41 "https://gtc.staging-area.xyz/" "Mozilla/5.0 (iPhone; CPU iPhone OS 14_4 like Mac OS X) AppleWebKit/605.1.15 (KHTML, like Gecko) Version/15.4 Mobile/15E148 Safari/604.1"
54.203.176.174 - - [19/Jul/2025:23:56:06 -0400] "GET /wp-content/litespeed/js/320117297d02c812c6571e4a100c3c8d.js?ver=c3c8d HTTP/3" 200 817 "https://gtc.staging-area.xyz/" "Mozilla/5.0 (iPhone; CPU iPhone OS 14_4 like Mac OS X) AppleWebKit/605.1.15 (KHTML, like Gecko) Version/15.4 Mobile/15E148 Safari/604.1"
54.203.176.174 - - [19/Jul/2025:23:56:06 -0400] "GET /wp-content/litespeed/js/c066f32778386f8e851207bd9bea28f0.js?ver=a28f0 HTTP/3" 200 504 "https://gtc.staging-area.xyz/" "Mozilla/5.0 (iPhone; CPU iPhone OS 14_4 like Mac OS X) AppleWebKit/605.1.15 (KHTML, like Gecko) Version/15.4 Mobile/15E148 Safari/604.1"
54.203.176.174 - - [19/Jul/2025:23:56:06 -0400] "GET /wp-content/litespeed/js/50ab9b40bb635f6a3e1d5dee33267a56.js?ver=67a56 HTTP/3" 200 588 "https://gtc.staging-area.xyz/" "Mozilla/5.0 (iPhone; CPU iPhone OS 14_4 like Mac OS X) AppleWebKit/605.1.15 (KHTML, like Gecko) Version/15.4 Mobile/15E148 Safari/604.1"
54.203.176.174 - - [19/Jul/2025:23:56:06 -0400] "GET /wp-content/litespeed/js/bc00d722322ca48fff6aeff709bef8c5.js?ver=ef8c5 HTTP/3" 200 396 "https://gtc.staging-area.xyz/" "Mozilla/5.0 (iPhone; CPU iPhone OS 14_4 like Mac OS X) AppleWebKit/605.1.15 (KHTML, like Gecko) Version/15.4 Mobile/15E148 Safari/604.1"
54.203.176.174 - - [19/Jul/2025:23:56:06 -0400] "GET /wp-content/litespeed/js/c487e3fad40b2d9aa59533c307100121.js?ver=00121 HTTP/3" 200 498 "https://gtc.staging-area.xyz/" "Mozilla/5.0 (iPhone; CPU iPhone OS 14_4 like Mac OS X) AppleWebKit/605.1.15 (KHTML, like Gecko) Version/15.4 Mobile/15E148 Safari/604.1"
54.203.176.174 - - [19/Jul/2025:23:56:06 -0400] "GET /wp-content/litespeed/js/93c6cae5483714fe37b1bceb946fd0f2.js?ver=fd0f2 HTTP/3" 200 942 "https://gtc.staging-area.xyz/" "Mozilla/5.0 (iPhone; CPU iPhone OS 14_4 like Mac OS X) AppleWebKit/605.1.15 (KHTML, like Gecko) Version/15.4 Mobile/15E148 Safari/604.1"
54.203.176.174 - - [19/Jul/2025:23:56:06 -0400] "GET /wp-content/litespeed/js/aa5f3728c9cf465f8ff25ff915207fa6.js?ver=07fa6 HTTP/3" 200 32844 "https://gtc.staging-area.xyz/" "Mozilla/5.0 (iPhone; CPU iPhone OS 14_4 like Mac OS X) AppleWebKit/605.1.15 (KHTML, like Gecko) Version/15.4 Mobile/15E148 Safari/604.1"
54.203.176.174 - - [19/Jul/2025:23:56:06 -0400] "GET /wp-content/litespeed/js/8b63831c280cb3a07a2838ee226ab96b.js?ver=ab96b HTTP/3" 200 6893 "https://gtc.staging-area.xyz/" "Mozilla/5.0 (iPhone; CPU iPhone OS 14_4 like Mac OS X) AppleWebKit/605.1.15 (KHTML, like Gecko) Version/15.4 Mobile/15E148 Safari/604.1"
54.203.176.174 - - [19/Jul/2025:23:56:06 -0400] "GET /wp-content/litespeed/js/c23aba2300585380140847fc2f208d93.js?ver=08d93 HTTP/3" 200 4598 "https://gtc.staging-area.xyz/" "Mozilla/5.0 (iPhone; CPU iPhone OS 14_4 like Mac OS X) AppleWebKit/605.1.15 (KHTML, like Gecko) Version/15.4 Mobile/15E148 Safari/604.1"
54.203.176.174 - - [19/Jul/2025:23:56:06 -0400] "GET /wp-content/litespeed/js/fe1afffdaba233c530c2f7bdbfb71407.js?ver=71407 HTTP/3" 200 4534 "https://gtc.staging-area.xyz/" "Mozilla/5.0 (iPhone; CPU iPhone OS 14_4 like Mac OS X) AppleWebKit/605.1.15 (KHTML, like Gecko) Version/15.4 Mobile/15E148 Safari/604.1"
54.203.176.174 - - [19/Jul/2025:23:56:06 -0400] "GET /wp-content/litespeed/js/57663bb1150a56d35dcfb20c96b431fb.js?ver=431fb HTTP/3" 200 18775 "https://gtc.staging-area.xyz/" "Mozilla/5.0 (iPhone; CPU iPhone OS 14_4 like Mac OS X) AppleWebKit/605.1.15 (KHTML, like Gecko) Version/15.4 Mobile/15E148 Safari/604.1"
54.203.176.174 - - [19/Jul/2025:23:56:06 -0400] "GET /wp-content/litespeed/js/ca75c7be66365e31be53dfe55a3b0445.js?ver=b0445 HTTP/3" 200 249233 "https://gtc.staging-area.xyz/" "Mozilla/5.0 (iPhone; CPU iPhone OS 14_4 like Mac OS X) AppleWebKit/605.1.15 (KHTML, like Gecko) Version/15.4 Mobile/15E148 Safari/604.1"
54.203.176.174 - - [19/Jul/2025:23:56:06 -0400] "GET /wp-content/litespeed/js/ac8e70173b67695d90b8ede09ff68d3d.js?ver=68d3d HTTP/3" 200 35015 "https://gtc.staging-area.xyz/" "Mozilla/5.0 (iPhone; CPU iPhone OS 14_4 like Mac OS X) AppleWebKit/605.1.15 (KHTML, like Gecko) Version/15.4 Mobile/15E148 Safari/604.1"
54.203.176.174 - - [19/Jul/2025:23:56:06 -0400] "GET /wp-content/litespeed/js/b805613d238f7cae3d9da40a36689047.js?ver=89047 HTTP/3" 200 3275 "https://gtc.staging-area.xyz/" "Mozilla/5.0 (iPhone; CPU iPhone OS 14_4 like Mac OS X) AppleWebKit/605.1.15 (KHTML, like Gecko) Version/15.4 Mobile/15E148 Safari/604.1"
54.203.176.174 - - [19/Jul/2025:23:56:06 -0400] "GET /wp-content/litespeed/js/f34562fdf4523f26bb9ee47eeb72d1b1.js?ver=2d1b1 HTTP/3" 200 2624 "https://gtc.staging-area.xyz/" "Mozilla/5.0 (iPhone; CPU iPhone OS 14_4 like Mac OS X) AppleWebKit/605.1.15 (KHTML, like Gecko) Version/15.4 Mobile/15E148 Safari/604.1"
54.203.176.174 - - [19/Jul/2025:23:56:06 -0400] "GET /wp-content/litespeed/js/d0e832ab948104dc7c4363f7b3561e65.js?ver=61e65 HTTP/3" 200 6281 "https://gtc.staging-area.xyz/" "Mozilla/5.0 (iPhone; CPU iPhone OS 14_4 like Mac OS X) AppleWebKit/605.1.15 (KHTML, like Gecko) Version/15.4 Mobile/15E148 Safari/604.1"
54.203.176.174 - - [19/Jul/2025:23:56:06 -0400] "GET /wp-content/litespeed/js/aa92a24829770733d960703c37bb5b3f.js?ver=b5b3f HTTP/3" 200 5316 "https://gtc.staging-area.xyz/" "Mozilla/5.0 (iPhone; CPU iPhone OS 14_4 like Mac OS X) AppleWebKit/605.1.15 (KHTML, like Gecko) Version/15.4 Mobile/15E148 Safari/604.1"
54.203.176.174 - - [19/Jul/2025:23:56:06 -0400] "GET /wp-content/litespeed/js/907dfc71ca603bf857f9308dc36a6684.js?ver=a6684 HTTP/3" 200 6962 "https://gtc.staging-area.xyz/" "Mozilla/5.0 (iPhone; CPU iPhone OS 14_4 like Mac OS X) AppleWebKit/605.1.15 (KHTML, like Gecko) Version/15.4 Mobile/15E148 Safari/604.1"
54.203.176.174 - - [19/Jul/2025:23:56:06 -0400] "GET /wp-content/litespeed/js/5f8da6d90b319325bf7cdc12b9871914.js?ver=71914 HTTP/3" 200 1457 "https://gtc.staging-area.xyz/" "Mozilla/5.0 (iPhone; CPU iPhone OS 14_4 like Mac OS X) AppleWebKit/605.1.15 (KHTML, like Gecko) Version/15.4 Mobile/15E148 Safari/604.1"
54.203.176.174 - - [19/Jul/2025:23:56:06 -0400] "GET /wp-content/litespeed/js/7b52847b3a8c327e131f98e27e104733.js?ver=04733 HTTP/3" 200 2322 "https://gtc.staging-area.xyz/" "Mozilla/5.0 (iPhone; CPU iPhone OS 14_4 like Mac OS X) AppleWebKit/605.1.15 (KHTML, like Gecko) Version/15.4 Mobile/15E148 Safari/604.1"
54.203.176.174 - - [19/Jul/2025:23:56:06 -0400] "GET /wp-content/litespeed/js/96bc0bd629bb660c4608ee048d5e8a7a.js?ver=e8a7a HTTP/3" 200 10223 "https://gtc.staging-area.xyz/" "Mozilla/5.0 (iPhone; CPU iPhone OS 14_4 like Mac OS X) AppleWebKit/605.1.15 (KHTML, like Gecko) Version/15.4 Mobile/15E148 Safari/604.1"
54.203.176.174 - - [19/Jul/2025:23:56:06 -0400] "GET /wp-content/litespeed/js/aff94e5a99ac620a475a4e266a15c1c3.js?ver=5c1c3 HTTP/3" 200 14428 "https://gtc.staging-area.xyz/" "Mozilla/5.0 (iPhone; CPU iPhone OS 14_4 like Mac OS X) AppleWebKit/605.1.15 (KHTML, like Gecko) Version/15.4 Mobile/15E148 Safari/604.1"
54.203.176.174 - - [19/Jul/2025:23:56:06 -0400] "GET /wp-content/litespeed/js/1b42718ccc80d3e24ee3438a65c8dd85.js?ver=8dd85 HTTP/3" 200 2425 "https://gtc.staging-area.xyz/" "Mozilla/5.0 (iPhone; CPU iPhone OS 14_4 like Mac OS X) AppleWebKit/605.1.15 (KHTML, like Gecko) Version/15.4 Mobile/15E148 Safari/604.1"
54.203.176.174 - - [19/Jul/2025:23:56:06 -0400] "GET /wp-content/litespeed/js/449b65ccc2413b22176b16b5d98a2f08.js?ver=a2f08 HTTP/3" 200 10291 "https://gtc.staging-area.xyz/" "Mozilla/5.0 (iPhone; CPU iPhone OS 14_4 like Mac OS X) AppleWebKit/605.1.15 (KHTML, like Gecko) Version/15.4 Mobile/15E148 Safari/604.1"
54.203.176.174 - - [19/Jul/2025:23:56:06 -0400] "GET /wp-content/litespeed/js/2a845fcf4cc8baef3905880d1fd4563e.js?ver=4563e HTTP/3" 200 6813 "https://gtc.staging-area.xyz/" "Mozilla/5.0 (iPhone; CPU iPhone OS 14_4 like Mac OS X) AppleWebKit/605.1.15 (KHTML, like Gecko) Version/15.4 Mobile/15E148 Safari/604.1"
54.203.176.174 - - [19/Jul/2025:23:56:06 -0400] "GET /wp-content/litespeed/js/0fe8b867971461e5560827417f9ea142.js?ver=ea142 HTTP/3" 200 1967 "https://gtc.staging-area.xyz/" "Mozilla/5.0 (iPhone; CPU iPhone OS 14_4 like Mac OS X) AppleWebKit/605.1.15 (KHTML, like Gecko) Version/15.4 Mobile/15E148 Safari/604.1"
54.203.176.174 - - [19/Jul/2025:23:56:06 -0400] "GET /wp-content/uploads/2024/03/electronic-technician-repair-damaged-smartphone-in-AVMUW2V.jpg HTTP/3" 200 196153 "https://gtc.staging-area.xyz/" "Mozilla/5.0 (iPhone; CPU iPhone OS 14_4 like Mac OS X) AppleWebKit/605.1.15 (KHTML, like Gecko) Version/15.4 Mobile/15E148 Safari/604.1"
54.203.176.174 - - [19/Jul/2025:23:56:07 -0400] "GET /wp-content/litespeed/js/0677e11ae23f1bec0450c29861e295af.js?ver=295af HTTP/3" 200 1749 "https://gtc.staging-area.xyz/" "Mozilla/5.0 (iPhone; CPU iPhone OS 14_4 like Mac OS X) AppleWebKit/605.1.15 (KHTML, like Gecko) Version/15.4 Mobile/15E148 Safari/604.1"
54.203.176.174 - - [19/Jul/2025:23:56:07 -0400] "GET /wp-content/litespeed/js/bf71c90ffe5df8d022b1f3c634001a92.js?ver=01a92 HTTP/3" 200 133 "https://gtc.staging-area.xyz/" "Mozilla/5.0 (iPhone; CPU iPhone OS 14_4 like Mac OS X) AppleWebKit/605.1.15 (KHTML, like Gecko) Version/15.4 Mobile/15E148 Safari/604.1"
54.203.176.174 - - [19/Jul/2025:23:56:07 -0400] "GET /wp-content/litespeed/js/f934d2493a60760325b7e3cc2e7fdc34.js?ver=fdc34 HTTP/3" 200 1641 "https://gtc.staging-area.xyz/" "Mozilla/5.0 (iPhone; CPU iPhone OS 14_4 like Mac OS X) AppleWebKit/605.1.15 (KHTML, like Gecko) Version/15.4 Mobile/15E148 Safari/604.1"
54.203.176.174 - - [19/Jul/2025:23:56:07 -0400] "GET /wp-content/litespeed/js/4f3e1a02fb9e9525a4bb461aaf581765.js?ver=81765 HTTP/3" 200 106861 "https://gtc.staging-area.xyz/" "Mozilla/5.0 (iPhone; CPU iPhone OS 14_4 like Mac OS X) AppleWebKit/605.1.15 (KHTML, like Gecko) Version/15.4 Mobile/15E148 Safari/604.1"
54.203.176.174 - - [19/Jul/2025:23:56:07 -0400] "GET /wp-content/uploads/2024/03/www.toms-haushaltsgeraet.de-5.png.webp HTTP/3" 200 23344 "https://gtc.staging-area.xyz/" "Mozilla/5.0 (iPhone; CPU iPhone OS 14_4 like Mac OS X) AppleWebKit/605.1.15 (KHTML, like Gecko) Version/15.4 Mobile/15E148 Safari/604.1"
54.203.176.174 - - [19/Jul/2025:23:56:07 -0400] "GET /wp-content/uploads/2024/03/www.toms-haushaltsgeraet.de-29.png.webp HTTP/3" 200 29514 "https://gtc.staging-area.xyz/" "Mozilla/5.0 (iPhone; CPU iPhone OS 14_4 like Mac OS X) AppleWebKit/605.1.15 (KHTML, like Gecko) Version/15.4 Mobile/15E148 Safari/604.1"
54.203.176.174 - - [19/Jul/2025:23:56:07 -0400] "GET /wp-content/uploads/2024/03/52.png.webp HTTP/3" 200 44446 "https://gtc.staging-area.xyz/" "Mozilla/5.0 (iPhone; CPU iPhone OS 14_4 like Mac OS X) AppleWebKit/605.1.15 (KHTML, like Gecko) Version/15.4 Mobile/15E148 Safari/604.1"
54.203.176.174 - - [19/Jul/2025:23:56:07 -0400] "GET /wp-content/uploads/2024/03/16.png.webp HTTP/3" 200 30784 "https://gtc.staging-area.xyz/" "Mozilla/5.0 (iPhone; CPU iPhone OS 14_4 like Mac OS X) AppleWebKit/605.1.15 (KHTML, like Gecko) Version/15.4 Mobile/15E148 Safari/604.1"
54.203.176.174 - - [19/Jul/2025:23:56:07 -0400] "GET /wp-content/uploads/2024/03/11.png.webp HTTP/3" 200 31900 "https://gtc.staging-area.xyz/" "Mozilla/5.0 (iPhone; CPU iPhone OS 14_4 like Mac OS X) AppleWebKit/605.1.15 (KHTML, like Gecko) Version/15.4 Mobile/15E148 Safari/604.1"
54.203.176.174 - - [19/Jul/2025:23:56:07 -0400] "GET /wp-content/uploads/2024/03/www.toms-haushaltsgeraet.de-16.png.webp HTTP/3" 200 38632 "https://gtc.staging-area.xyz/" "Mozilla/5.0 (iPhone; CPU iPhone OS 14_4 like Mac OS X) AppleWebKit/605.1.15 (KHTML, like Gecko) Version/15.4 Mobile/15E148 Safari/604.1"
104.250.132.194 - - [19/Jul/2025:23:56:08 -0400] "POST /wp-cron.php?doing_wp_cron=1752983768.1402049064636230468750 HTTP/1.1" 200 0 "-" "WordPress/6.8.2; https://gtc.staging-area.xyz"
54.203.176.174 - - [19/Jul/2025:23:56:07 -0400] "GET /wp-json/wp/v2/users/me?context=edit&_locale=user HTTP/3" 403 98 "https://gtc.staging-area.xyz/" "Mozilla/5.0 (iPhone; CPU iPhone OS 14_4 like Mac OS X) AppleWebKit/605.1.15 (KHTML, like Gecko) Version/15.4 Mobile/15E148 Safari/604.1"
54.203.176.174 - - [19/Jul/2025:23:56:08 -0400] "GET /wp-admin/admin-ajax.php?action=rest-nonce HTTP/3" 400 5 "https://gtc.staging-area.xyz/" "Mozilla/5.0 (iPhone; CPU iPhone OS 14_4 like Mac OS X) AppleWebKit/605.1.15 (KHTML, like Gecko) Version/15.4 Mobile/15E148 Safari/604.1"
20.171.207.126 - - [20/Jul/2025:00:49:46 -0400] "GET /wp-sitemap.xml HTTP/2" 200 49347 "-" "Mozilla/5.0 AppleWebKit/537.36 (KHTML, like Gecko; compatible; GPTBot/1.2; +https://openai.com/gptbot)"
4.227.36.69 - - [20/Jul/2025:00:49:46 -0400] "GET /robots.txt HTTP/2" 200 98 "-" "Mozilla/5.0 AppleWebKit/537.36 (KHTML, like Gecko; compatible; GPTBot/1.2; +https://openai.com/gptbot)"
93.123.109.64 - - [20/Jul/2025:01:42:01 -0400] "GET /.git/config HTTP/1.1" 403 1242 "-" "Mozilla/5.0 (Windows; U; Windows NT 5.1; en-US) AppleWebKit/534.7 (KHTML, like Gecko) Chrome/7.0.514.0 Safari/534.7"
93.123.109.64 - - [20/Jul/2025:01:42:09 -0400] "GET /.git/config HTTP/1.1" 403 1242 "-" "Mozilla/5.0 (Macintosh; Intel Mac OS X 10_10_5) AppleWebKit/600.8.9 (KHTML, like Gecko) Version/8.0.8 Safari/600.8.9"
104.250.132.194 - - [20/Jul/2025:03:25:53 -0400] "POST /wp-cron.php?doing_wp_cron=1752996353.2921099662780761718750 HTTP/1.1" 200 0 "-" "WordPress/6.8.2; https://gtc.staging-area.xyz"
104.250.132.194 - - [20/Jul/2025:03:37:28 -0400] "POST /wp-cron.php?doing_wp_cron=1752997048.6397330760955810546875 HTTP/1.1" 200 0 "-" "WordPress/6.8.2; https://gtc.staging-area.xyz"
198.55.98.93 - - [20/Jul/2025:04:06:10 -0400] "GET /.git/config HTTP/1.1" 403 1242 "-" "Mozilla/5.0 (X11; Linux x86_64) AppleWebKit/538.1 (KHTML, like Gecko) QupZilla/1.9.0 Safari/538.1"
198.55.98.253 - - [20/Jul/2025:04:09:12 -0400] "GET /.git/config HTTP/1.1" 403 1242 "-" "Mozilla/5.0 (Windows NT 10.0; WOW64) AppleWebKit/537.36 (KHTML, like Gecko) Chrome/70.0.3538.25 Safari/537.36 Core/1.70.3676.400 QQBrowser/10.4.3469.400"
40.77.177.143 - - [20/Jul/2025:04:17:19 -0400] "GET /wp-content/uploads/elementor/google-fonts/fonts/montserrat-jtusjig1_i6t8kchkm459wlhyw.woff2 HTTP/2" 200 37828 "-" "Mozilla/5.0 AppleWebKit/537.36 (KHTML, like Gecko; compatible; bingbot/2.0; +http://www.bing.com/bingbot.htm) Chrome/100.0.4896.127 Safari/537.36"
104.250.132.194 - - [20/Jul/2025:04:17:19 -0400] "POST /wp-cron.php?doing_wp_cron=1752999439.6890439987182617187500 HTTP/1.1" 200 0 "-" "WordPress/6.8.2; https://gtc.staging-area.xyz"
40.77.177.187 - - [20/Jul/2025:04:17:19 -0400] "GET /wp-content/uploads/elementor/google-fonts/fonts/carroisgothic-z9xpdmfatg-n1pltlooxvihl9ame1c8.woff2 HTTP/2" 404 163840 "-" "Mozilla/5.0 AppleWebKit/537.36 (KHTML, like Gecko; compatible; bingbot/2.0; +http://www.bing.com/bingbot.htm) Chrome/100.0.4896.127 Safari/537.36"
40.77.177.183 - - [20/Jul/2025:04:17:19 -0400] "GET /wp-content/uploads/elementor/google-fonts/fonts/rubik-ijwkbxyifdniv7nbrxw.woff2 HTTP/2" 404 163840 "-" "Mozilla/5.0 AppleWebKit/537.36 (KHTML, like Gecko; compatible; bingbot/2.0; +http://www.bing.com/bingbot.htm) Chrome/100.0.4896.127 Safari/537.36"
198.55.98.253 - - [20/Jul/2025:05:51:36 -0400] "GET /.git/config HTTP/1.1" 403 1242 "-" "Mozilla/5.0 (Windows; U; Windows NT 5.1; en-US) AppleWebKit/531.21.8 (KHTML, like Gecko) Version/4.0.4 Safari/531.21.10"
198.55.98.93 - - [20/Jul/2025:05:54:56 -0400] "GET /.git/config HTTP/1.1" 403 1242 "-" "Mozilla/5.0 (Windows NT 6.1; WOW64) AppleWebKit/537.36 (KHTML, like Gecko) Chrome/76.0.3809.71 Safari/537.36 OPR/63.0.3368.17 (Edition beta)"
202.8.43.233 - - [20/Jul/2025:06:58:46 -0400] "GET /robots.txt HTTP/2" 200 98 "-" "Mozilla/5.0 (compatible; AhrefsBot/7.0; +http://ahrefs.com/robot/)"
202.8.43.138 - - [20/Jul/2025:06:58:46 -0400] "GET /wp-content/uploads/elementor/google-fonts/fonts/montserrat-jtusjig1_i6t8kchkm459wlhyw.woff2 HTTP/2" 200 37828 "https://www.greasetrap.org/" "Mozilla/5.0 (compatible; AhrefsBot/7.0; +http://ahrefs.com/robot/)"
104.250.132.194 - - [20/Jul/2025:06:58:47 -0400] "POST /wp-cron.php?doing_wp_cron=1753009127.0798010826110839843750 HTTP/1.1" 200 0 "-" "WordPress/6.8.2; https://gtc.staging-area.xyz"
202.8.43.138 - - [20/Jul/2025:06:58:46 -0400] "GET /wp-content/uploads/elementor/google-fonts/fonts/rubik-ijwebxyifdniv7nenx661a.woff2 HTTP/2" 404 50601 "https://www.greasetrap.org/" "Mozilla/5.0 (compatible; AhrefsBot/7.0; +http://ahrefs.com/robot/)"
202.8.43.138 - - [20/Jul/2025:06:58:46 -0400] "GET /wp-content/uploads/elementor/google-fonts/fonts/carroisgothic-z9xpdmfatg-n1pltlooxvihl9ame1c8.woff2 HTTP/2" 404 50602 "https://www.greasetrap.org/" "Mozilla/5.0 (compatible; AhrefsBot/7.0; +http://ahrefs.com/robot/)"
202.8.43.138 - - [20/Jul/2025:06:58:46 -0400] "GET /wp-content/uploads/elementor/google-fonts/fonts/inter-ucc73fwrk3iltehus_nvmrmxcp50sjia1zl7.woff2 HTTP/2" 404 50602 "https://www.greasetrap.org/" "Mozilla/5.0 (compatible; AhrefsBot/7.0; +http://ahrefs.com/robot/)"
202.8.43.138 - - [20/Jul/2025:06:58:46 -0400] "GET /wp-content/uploads/elementor/google-fonts/fonts/rubik-ijwkbxyifdniv7nbrxw.woff2 HTTP/2" 404 49397 "https://www.greasetrap.org/" "Mozilla/5.0 (compatible; AhrefsBot/7.0; +http://ahrefs.com/robot/)"
69.171.231.8 - - [20/Jul/2025:09:18:20 -0400] "GET /robots.txt HTTP/2" 200 121 "-" "facebookexternalhit/1.1 (+http://www.facebook.com/externalhit_uatext.php)"
104.250.132.194 - - [20/Jul/2025:09:18:33 -0400] "POST /wp-cron.php?doing_wp_cron=1753017513.8137290477752685546875 HTTP/1.1" 200 0 "-" "WordPress/6.8.2; https://gtc.staging-area.xyz"
57.141.6.13 - - [20/Jul/2025:09:18:33 -0400] "GET /wp-json/wp/v2/pages/119 HTTP/2" 200 111746 "-" "meta-externalagent/1.1 (+https://developers.facebook.com/docs/sharing/webmasters/crawler)"
57.141.6.15 - - [20/Jul/2025:10:21:36 -0400] "GET /wp-sitemap.xml HTTP/2" 200 189035 "-" "meta-externalagent/1.1 (+https://developers.facebook.com/docs/sharing/webmasters/crawler)"
167.99.210.137 - - [20/Jul/2025:11:15:20 -0400] "GET / HTTP/1.1" 200 250533 "-" "Mozilla/5.0 (Linux; Android 6.0; HTC One M9 Build/MRA251884) AppleWebKit/537.36 (KHTML, like Gecko) Chrome/52.0.1761.98 Mobile Safari/537.3"
104.250.132.194 - - [20/Jul/2025:11:15:21 -0400] "POST /wp-cron.php?doing_wp_cron=1753024521.3580238819122314453125 HTTP/1.1" 200 0 "-" "WordPress/6.8.2; https://gtc.staging-area.xyz"
167.99.210.137 - - [20/Jul/2025:11:15:21 -0400] "GET /@vite/env HTTP/1.1" 200 0 "-" "Go-http-client/1.1"
167.99.210.137 - - [20/Jul/2025:11:15:24 -0400] "GET /actuator/env HTTP/1.1" 404 58293 "-" "Go-http-client/1.1"
167.99.210.137 - - [20/Jul/2025:11:15:24 -0400] "GET /server HTTP/1.1" 404 58292 "-" "Go-http-client/1.1"
167.99.210.137 - - [20/Jul/2025:11:15:25 -0400] "GET /.vscode/sftp.json HTTP/1.1" 404 58297 "-" "Go-http-client/1.1"
104.250.132.194 - - [20/Jul/2025:11:15:26 -0400] "POST /wp-cron.php?doing_wp_cron=1753024526.7437839508056640625000 HTTP/1.1" 200 0 "-" "WordPress/6.8.2; https://gtc.staging-area.xyz"
167.99.210.137 - - [20/Jul/2025:11:15:26 -0400] "GET /about HTTP/1.1" 301 0 "-" "Go-http-client/1.1"
104.250.132.194 - - [20/Jul/2025:11:15:27 -0400] "POST /wp-cron.php?doing_wp_cron=1753024527.4412760734558105468750 HTTP/1.1" 200 0 "-" "WordPress/6.8.2; https://gtc.staging-area.xyz"
167.99.210.137 - - [20/Jul/2025:11:15:27 -0400] "GET /debug/default/view?panel=config HTTP/1.1" 404 58284 "-" "Go-http-client/1.1"
167.99.210.137 - - [20/Jul/2025:11:15:28 -0400] "GET /v2/_catalog HTTP/1.1" 404 58297 "-" "Go-http-client/1.1"
167.99.210.137 - - [20/Jul/2025:11:15:29 -0400] "GET /ecp/Current/exporttool/microsoft.exchange.ediscovery.exporttool.application HTTP/1.1" 404 58284 "-" "Go-http-client/1.1"
167.99.210.137 - - [20/Jul/2025:11:15:30 -0400] "GET /server-status HTTP/1.1" 404 58296 "-" "Go-http-client/1.1"
167.99.210.137 - - [20/Jul/2025:11:15:31 -0400] "GET /login.action HTTP/1.1" 404 58296 "-" "Go-http-client/1.1"
167.99.210.137 - - [20/Jul/2025:11:15:31 -0400] "GET /_all_dbs HTTP/1.1" 404 58294 "-" "Mozilla/5.0 (l9scan/2.0.439313e2233313e2035323e2430313; +https://leakix.net)"
167.99.210.137 - - [20/Jul/2025:11:15:32 -0400] "GET /.DS_Store HTTP/1.1" 404 58294 "-" "Go-http-client/1.1"
167.99.210.137 - - [20/Jul/2025:11:15:33 -0400] "GET /.env HTTP/1.1" 403 1242 "-" "Go-http-client/1.1"
167.99.210.137 - - [20/Jul/2025:11:15:34 -0400] "GET /.git/config HTTP/1.1" 403 1242 "-" "Go-http-client/1.1"
167.99.210.137 - - [20/Jul/2025:11:15:34 -0400] "GET /s/439313e2233313e2035323e2430313/_/;/META-INF/maven/com.atlassian.jira/jira-webapp-dist/pom.properties HTTP/1.1" 404 58284 "-" "Go-http-client/1.1"
167.99.210.137 - - [20/Jul/2025:11:15:35 -0400] "GET /config.json HTTP/1.1" 404 58296 "-" "Go-http-client/1.1"
167.99.210.137 - - [20/Jul/2025:11:15:36 -0400] "GET /telescope/requests HTTP/1.1" 404 58298 "-" "Go-http-client/1.1"
167.99.210.137 - - [20/Jul/2025:11:15:37 -0400] "GET /info.php HTTP/1.1" 404 58294 "-" "Go-http-client/1.1"
167.99.210.137 - - [20/Jul/2025:11:15:37 -0400] "GET /?rest_route=/wp/v2/users/ HTTP/1.1" 200 590 "-" "Go-http-client/1.1"
198.55.98.91 - - [20/Jul/2025:13:12:52 -0400] "GET /.git/config HTTP/1.1" 403 1242 "-" "Nokia6630/1.0 (2.3.129) SymbianOS/8.0 Series60/2.6 Profile/MIDP-2.0 Configuration/CLDC-1.1"
198.55.98.91 - - [20/Jul/2025:14:29:07 -0400] "GET /.git/config HTTP/1.1" 403 1242 "-" "Mozilla/5.0 (X11; CentOS; Linux x86_64; rv:36.0) Gecko/20100101 Firefox/36.0"
34.48.162.190 - - [20/Jul/2025:15:28:40 -0400] "GET / HTTP/2" 200 64816 "http://gtc.staging-area.xyz" "Mozilla/5.0 (compatible; CMS-Checker/1.0; +https://example.com)"
34.48.162.190 - - [20/Jul/2025:15:54:25 -0400] "GET / HTTP/1.1" 200 250536 "-" "Mozilla/5.0 (Windows NT 10.0; Win64; x64) AppleWebKit/537.36 (KHTML, like Gecko) Chrome/78.0.3904.108 Safari/537.36"
34.48.162.190 - - [20/Jul/2025:15:54:25 -0400] "GET //wp-includes/wlwmanifest.xml HTTP/1.1" 301 0 "-" "Mozilla/5.0 (Windows NT 10.0; Win64; x64) AppleWebKit/537.36 (KHTML, like Gecko) Chrome/78.0.3904.108 Safari/537.36"
104.250.132.194 - - [20/Jul/2025:15:54:26 -0400] "POST /wp-cron.php?doing_wp_cron=1753041266.1349270343780517578125 HTTP/1.1" 200 0 "-" "WordPress/6.8.2; https://gtc.staging-area.xyz"
34.48.162.190 - - [20/Jul/2025:15:54:25 -0400] "GET //xmlrpc.php?rsd HTTP/1.1" 200 834 "-" "Mozilla/5.0 (Windows NT 10.0; Win64; x64) AppleWebKit/537.36 (KHTML, like Gecko) Chrome/78.0.3904.108 Safari/537.36"
34.48.162.190 - - [20/Jul/2025:15:54:26 -0400] "GET //?author=1 HTTP/1.1" 301 0 "-" "Mozilla/5.0 (Windows NT 10.0; Win64; x64) AppleWebKit/537.36 (KHTML, like Gecko) Chrome/78.0.3904.108 Safari/537.36"
34.48.162.190 - - [20/Jul/2025:15:54:26 -0400] "GET //?author=2 HTTP/1.1" 301 0 "-" "Mozilla/5.0 (Windows NT 10.0; Win64; x64) AppleWebKit/537.36 (KHTML, like Gecko) Chrome/78.0.3904.108 Safari/537.36"
104.250.132.194 - - [20/Jul/2025:15:54:27 -0400] "POST /wp-cron.php?doing_wp_cron=1753041267.0021998882293701171875 HTTP/1.1" 200 0 "-" "WordPress/6.8.2; https://gtc.staging-area.xyz"
34.48.162.190 - - [20/Jul/2025:15:54:26 -0400] "GET //wp-json/wp/v2/users/ HTTP/1.1" 200 1754 "-" "Mozilla/5.0 (Windows NT 10.0; Win64; x64) AppleWebKit/537.36 (KHTML, like Gecko) Chrome/78.0.3904.108 Safari/537.36"
34.48.162.190 - - [20/Jul/2025:15:54:27 -0400] "POST //xmlrpc.php HTTP/1.1" 200 416 "-" "Mozilla/5.0 (Windows NT 10.0; Win64; x64) AppleWebKit/537.36 (KHTML, like Gecko) Chrome/78.0.3904.108 Safari/537.36"
34.48.162.190 - - [20/Jul/2025:15:54:27 -0400] "POST //xmlrpc.php HTTP/1.1" 200 416 "-" "Mozilla/5.0 (Windows NT 10.0; Win64; x64) AppleWebKit/537.36 (KHTML, like Gecko) Chrome/78.0.3904.108 Safari/537.36"
34.48.162.190 - - [20/Jul/2025:15:54:27 -0400] "POST //xmlrpc.php HTTP/1.1" 200 416 "-" "Mozilla/5.0 (Windows NT 10.0; Win64; x64) AppleWebKit/537.36 (KHTML, like Gecko) Chrome/78.0.3904.108 Safari/537.36"
34.48.162.190 - - [20/Jul/2025:15:54:28 -0400] "POST //xmlrpc.php HTTP/1.1" 200 416 "-" "Mozilla/5.0 (Windows NT 10.0; Win64; x64) AppleWebKit/537.36 (KHTML, like Gecko) Chrome/78.0.3904.108 Safari/537.36"
34.48.162.190 - - [20/Jul/2025:15:54:28 -0400] "POST //xmlrpc.php HTTP/1.1" 200 416 "-" "Mozilla/5.0 (Windows NT 10.0; Win64; x64) AppleWebKit/537.36 (KHTML, like Gecko) Chrome/78.0.3904.108 Safari/537.36"
34.48.162.190 - - [20/Jul/2025:15:54:28 -0400] "POST //xmlrpc.php HTTP/1.1" 200 416 "-" "Mozilla/5.0 (Windows NT 10.0; Win64; x64) AppleWebKit/537.36 (KHTML, like Gecko) Chrome/78.0.3904.108 Safari/537.36"
34.48.162.190 - - [20/Jul/2025:15:54:29 -0400] "POST //xmlrpc.php HTTP/1.1" 200 416 "-" "Mozilla/5.0 (Windows NT 10.0; Win64; x64) AppleWebKit/537.36 (KHTML, like Gecko) Chrome/78.0.3904.108 Safari/537.36"
34.48.162.190 - - [20/Jul/2025:15:54:30 -0400] "POST //xmlrpc.php HTTP/1.1" 200 416 "-" "Mozilla/5.0 (Windows NT 10.0; Win64; x64) AppleWebKit/537.36 (KHTML, like Gecko) Chrome/78.0.3904.108 Safari/537.36"
34.48.162.190 - - [20/Jul/2025:15:54:32 -0400] "POST //xmlrpc.php HTTP/1.1" 200 416 "-" "Mozilla/5.0 (Windows NT 10.0; Win64; x64) AppleWebKit/537.36 (KHTML, like Gecko) Chrome/78.0.3904.108 Safari/537.36"
34.48.162.190 - - [20/Jul/2025:15:54:35 -0400] "POST //xmlrpc.php HTTP/1.1" 200 416 "-" "Mozilla/5.0 (Windows NT 10.0; Win64; x64) AppleWebKit/537.36 (KHTML, like Gecko) Chrome/78.0.3904.108 Safari/537.36"
34.48.162.190 - - [20/Jul/2025:15:54:39 -0400] "POST //xmlrpc.php HTTP/1.1" 200 416 "-" "Mozilla/5.0 (Windows NT 10.0; Win64; x64) AppleWebKit/537.36 (KHTML, like Gecko) Chrome/78.0.3904.108 Safari/537.36"
34.48.162.190 - - [20/Jul/2025:15:54:45 -0400] "POST //xmlrpc.php HTTP/1.1" 200 416 "-" "Mozilla/5.0 (Windows NT 10.0; Win64; x64) AppleWebKit/537.36 (KHTML, like Gecko) Chrome/78.0.3904.108 Safari/537.36"
34.48.162.190 - - [20/Jul/2025:15:55:00 -0400] "POST //xmlrpc.php HTTP/1.1" 200 416 "-" "Mozilla/5.0 (Windows NT 10.0; Win64; x64) AppleWebKit/537.36 (KHTML, like Gecko) Chrome/78.0.3904.108 Safari/537.36"
104.250.132.194 - - [20/Jul/2025:15:55:30 -0400] "POST /wp-cron.php?doing_wp_cron=1753041330.3297269344329833984375 HTTP/1.1" 200 0 "-" "WordPress/6.8.2; https://gtc.staging-area.xyz"
34.48.162.190 - - [20/Jul/2025:15:55:15 -0400] "POST //xmlrpc.php HTTP/1.1" 200 416 "-" "Mozilla/5.0 (Windows NT 10.0; Win64; x64) AppleWebKit/537.36 (KHTML, like Gecko) Chrome/78.0.3904.108 Safari/537.36"
34.48.162.190 - - [20/Jul/2025:15:55:30 -0400] "POST //xmlrpc.php HTTP/1.1" 200 416 "-" "Mozilla/5.0 (Windows NT 10.0; Win64; x64) AppleWebKit/537.36 (KHTML, like Gecko) Chrome/78.0.3904.108 Safari/537.36"
34.48.162.190 - - [20/Jul/2025:15:55:45 -0400] "POST //xmlrpc.php HTTP/1.1" 200 416 "-" "Mozilla/5.0 (Windows NT 10.0; Win64; x64) AppleWebKit/537.36 (KHTML, like Gecko) Chrome/78.0.3904.108 Safari/537.36"
34.48.162.190 - - [20/Jul/2025:15:56:00 -0400] "POST //xmlrpc.php HTTP/1.1" 200 416 "-" "Mozilla/5.0 (Windows NT 10.0; Win64; x64) AppleWebKit/537.36 (KHTML, like Gecko) Chrome/78.0.3904.108 Safari/537.36"
104.250.132.194 - - [20/Jul/2025:15:56:30 -0400] "POST /wp-cron.php?doing_wp_cron=1753041390.3346769809722900390625 HTTP/1.1" 200 0 "-" "WordPress/6.8.2; https://gtc.staging-area.xyz"
34.48.162.190 - - [20/Jul/2025:15:56:15 -0400] "POST //xmlrpc.php HTTP/1.1" 200 416 "-" "Mozilla/5.0 (Windows NT 10.0; Win64; x64) AppleWebKit/537.36 (KHTML, like Gecko) Chrome/78.0.3904.108 Safari/537.36"
34.48.162.190 - - [20/Jul/2025:15:56:30 -0400] "POST //xmlrpc.php HTTP/1.1" 200 416 "-" "Mozilla/5.0 (Windows NT 10.0; Win64; x64) AppleWebKit/537.36 (KHTML, like Gecko) Chrome/78.0.3904.108 Safari/537.36"
34.48.162.190 - - [20/Jul/2025:15:56:45 -0400] "POST //xmlrpc.php HTTP/1.1" 200 416 "-" "Mozilla/5.0 (Windows NT 10.0; Win64; x64) AppleWebKit/537.36 (KHTML, like Gecko) Chrome/78.0.3904.108 Safari/537.36"
34.48.162.190 - - [20/Jul/2025:15:57:00 -0400] "POST //xmlrpc.php HTTP/1.1" 200 416 "-" "Mozilla/5.0 (Windows NT 10.0; Win64; x64) AppleWebKit/537.36 (KHTML, like Gecko) Chrome/78.0.3904.108 Safari/537.36"
104.250.132.194 - - [20/Jul/2025:15:57:30 -0400] "POST /wp-cron.php?doing_wp_cron=1753041450.3365321159362792968750 HTTP/1.1" 200 0 "-" "WordPress/6.8.2; https://gtc.staging-area.xyz"
34.48.162.190 - - [20/Jul/2025:15:57:15 -0400] "POST //xmlrpc.php HTTP/1.1" 200 416 "-" "Mozilla/5.0 (Windows NT 10.0; Win64; x64) AppleWebKit/537.36 (KHTML, like Gecko) Chrome/78.0.3904.108 Safari/537.36"
34.48.162.190 - - [20/Jul/2025:15:57:30 -0400] "POST //xmlrpc.php HTTP/1.1" 200 416 "-" "Mozilla/5.0 (Windows NT 10.0; Win64; x64) AppleWebKit/537.36 (KHTML, like Gecko) Chrome/78.0.3904.108 Safari/537.36"
34.48.162.190 - - [20/Jul/2025:15:57:45 -0400] "POST //xmlrpc.php HTTP/1.1" 200 416 "-" "Mozilla/5.0 (Windows NT 10.0; Win64; x64) AppleWebKit/537.36 (KHTML, like Gecko) Chrome/78.0.3904.108 Safari/537.36"
34.48.162.190 - - [20/Jul/2025:15:58:00 -0400] "POST //xmlrpc.php HTTP/1.1" 200 416 "-" "Mozilla/5.0 (Windows NT 10.0; Win64; x64) AppleWebKit/537.36 (KHTML, like Gecko) Chrome/78.0.3904.108 Safari/537.36"
104.250.132.194 - - [20/Jul/2025:15:58:30 -0400] "POST /wp-cron.php?doing_wp_cron=1753041510.3393359184265136718750 HTTP/1.1" 200 0 "-" "WordPress/6.8.2; https://gtc.staging-area.xyz"
34.48.162.190 - - [20/Jul/2025:15:58:15 -0400] "POST //xmlrpc.php HTTP/1.1" 200 416 "-" "Mozilla/5.0 (Windows NT 10.0; Win64; x64) AppleWebKit/537.36 (KHTML, like Gecko) Chrome/78.0.3904.108 Safari/537.36"
34.48.162.190 - - [20/Jul/2025:15:58:30 -0400] "POST //xmlrpc.php HTTP/1.1" 200 416 "-" "Mozilla/5.0 (Windows NT 10.0; Win64; x64) AppleWebKit/537.36 (KHTML, like Gecko) Chrome/78.0.3904.108 Safari/537.36"
34.48.162.190 - - [20/Jul/2025:15:58:45 -0400] "POST //xmlrpc.php HTTP/1.1" 200 416 "-" "Mozilla/5.0 (Windows NT 10.0; Win64; x64) AppleWebKit/537.36 (KHTML, like Gecko) Chrome/78.0.3904.108 Safari/537.36"
34.48.162.190 - - [20/Jul/2025:15:59:00 -0400] "POST //xmlrpc.php HTTP/1.1" 200 416 "-" "Mozilla/5.0 (Windows NT 10.0; Win64; x64) AppleWebKit/537.36 (KHTML, like Gecko) Chrome/78.0.3904.108 Safari/537.36"
104.250.132.194 - - [20/Jul/2025:15:59:30 -0400] "POST /wp-cron.php?doing_wp_cron=1753041570.3556020259857177734375 HTTP/1.1" 200 0 "-" "WordPress/6.8.2; https://gtc.staging-area.xyz"
34.48.162.190 - - [20/Jul/2025:15:59:15 -0400] "POST //xmlrpc.php HTTP/1.1" 200 416 "-" "Mozilla/5.0 (Windows NT 10.0; Win64; x64) AppleWebKit/537.36 (KHTML, like Gecko) Chrome/78.0.3904.108 Safari/537.36"
34.48.162.190 - - [20/Jul/2025:15:59:30 -0400] "POST //xmlrpc.php HTTP/1.1" 200 416 "-" "Mozilla/5.0 (Windows NT 10.0; Win64; x64) AppleWebKit/537.36 (KHTML, like Gecko) Chrome/78.0.3904.108 Safari/537.36"
34.48.162.190 - - [20/Jul/2025:15:59:45 -0400] "POST //xmlrpc.php HTTP/1.1" 200 416 "-" "Mozilla/5.0 (Windows NT 10.0; Win64; x64) AppleWebKit/537.36 (KHTML, like Gecko) Chrome/78.0.3904.108 Safari/537.36"
34.48.162.190 - - [20/Jul/2025:16:00:00 -0400] "POST //xmlrpc.php HTTP/1.1" 200 416 "-" "Mozilla/5.0 (Windows NT 10.0; Win64; x64) AppleWebKit/537.36 (KHTML, like Gecko) Chrome/78.0.3904.108 Safari/537.36"
104.250.132.194 - - [20/Jul/2025:16:00:30 -0400] "POST /wp-cron.php?doing_wp_cron=1753041630.3932020664215087890625 HTTP/1.1" 200 0 "-" "WordPress/6.8.2; https://gtc.staging-area.xyz"
34.48.162.190 - - [20/Jul/2025:16:00:15 -0400] "POST //xmlrpc.php HTTP/1.1" 200 416 "-" "Mozilla/5.0 (Windows NT 10.0; Win64; x64) AppleWebKit/537.36 (KHTML, like Gecko) Chrome/78.0.3904.108 Safari/537.36"
34.48.162.190 - - [20/Jul/2025:16:00:30 -0400] "POST //xmlrpc.php HTTP/1.1" 200 416 "-" "Mozilla/5.0 (Windows NT 10.0; Win64; x64) AppleWebKit/537.36 (KHTML, like Gecko) Chrome/78.0.3904.108 Safari/537.36"
34.48.162.190 - - [20/Jul/2025:16:00:45 -0400] "POST //xmlrpc.php HTTP/1.1" 200 416 "-" "Mozilla/5.0 (Windows NT 10.0; Win64; x64) AppleWebKit/537.36 (KHTML, like Gecko) Chrome/78.0.3904.108 Safari/537.36"
34.48.162.190 - - [20/Jul/2025:16:01:00 -0400] "POST //xmlrpc.php HTTP/1.1" 200 416 "-" "Mozilla/5.0 (Windows NT 10.0; Win64; x64) AppleWebKit/537.36 (KHTML, like Gecko) Chrome/78.0.3904.108 Safari/537.36"
104.250.132.194 - - [20/Jul/2025:16:01:30 -0400] "POST /wp-cron.php?doing_wp_cron=1753041690.3596038818359375000000 HTTP/1.1" 200 0 "-" "WordPress/6.8.2; https://gtc.staging-area.xyz"
34.48.162.190 - - [20/Jul/2025:16:01:15 -0400] "POST //xmlrpc.php HTTP/1.1" 200 416 "-" "Mozilla/5.0 (Windows NT 10.0; Win64; x64) AppleWebKit/537.36 (KHTML, like Gecko) Chrome/78.0.3904.108 Safari/537.36"
34.48.162.190 - - [20/Jul/2025:16:01:30 -0400] "POST //xmlrpc.php HTTP/1.1" 200 416 "-" "Mozilla/5.0 (Windows NT 10.0; Win64; x64) AppleWebKit/537.36 (KHTML, like Gecko) Chrome/78.0.3904.108 Safari/537.36"
34.48.162.190 - - [20/Jul/2025:16:01:45 -0400] "POST //xmlrpc.php HTTP/1.1" 200 416 "-" "Mozilla/5.0 (Windows NT 10.0; Win64; x64) AppleWebKit/537.36 (KHTML, like Gecko) Chrome/78.0.3904.108 Safari/537.36"
34.48.162.190 - - [20/Jul/2025:16:02:00 -0400] "POST //xmlrpc.php HTTP/1.1" 200 416 "-" "Mozilla/5.0 (Windows NT 10.0; Win64; x64) AppleWebKit/537.36 (KHTML, like Gecko) Chrome/78.0.3904.108 Safari/537.36"
34.48.162.190 - - [20/Jul/2025:16:02:15 -0400] "POST //xmlrpc.php HTTP/1.1" 403 1242 "-" "Mozilla/5.0 (Windows NT 10.0; Win64; x64) AppleWebKit/537.36 (KHTML, like Gecko) Chrome/78.0.3904.108 Safari/537.36"
34.48.162.190 - - [20/Jul/2025:16:02:15 -0400] "POST //xmlrpc.php HTTP/1.1" 403 1242 "-" "Mozilla/5.0 (Windows NT 10.0; Win64; x64) AppleWebKit/537.36 (KHTML, like Gecko) Chrome/78.0.3904.108 Safari/537.36"
44.244.64.224 - - [20/Jul/2025:16:52:14 -0400] "GET / HTTP/1.1" 200 65106 "http://gtc.staging-area.xyz" "Mozilla/5.0 (iPhone; CPU iPhone OS 14_4 like Mac OS X) AppleWebKit/605.1.15 (KHTML, like Gecko) Version/15.4 Mobile/15E148 Safari/604.1"
193.112.129.180 - - [20/Jul/2025:16:56:09 -0400] "GET /wp-content/uploads/elementor/google-fonts/fonts/montserrat-jtusjig1_i6t8kchkm459wlhyw.woff2 HTTP/1.1" 200 37828 "https://www.greasetrap.org/" "Mozilla/5.0 (Windows NT 10.0; Win64; x64) AppleWebKit/537.36 (KHTML, like Gecko) Chrome/137.0.0.0 Safari/537.36"
104.250.132.194 - - [20/Jul/2025:16:56:10 -0400] "POST /wp-cron.php?doing_wp_cron=1753044970.5670421123504638671875 HTTP/1.1" 200 0 "-" "WordPress/6.8.2; https://gtc.staging-area.xyz"
104.250.132.194 - - [20/Jul/2025:16:56:10 -0400] "POST /wp-cron.php?doing_wp_cron=1753044970.5669128894805908203125 HTTP/1.1" 200 0 "-" "WordPress/6.8.2; https://gtc.staging-area.xyz"
106.55.201.130 - - [20/Jul/2025:16:56:09 -0400] "GET /wp-content/uploads/elementor/google-fonts/fonts/inter-ucc73fwrk3iltehus_nvmrmxcp50sjia1zl7.woff2 HTTP/1.1" 404 58284 "https://www.greasetrap.org/" "Mozilla/5.0 (Windows NT 10.0; Win64; x64) AppleWebKit/537.36 (KHTML, like Gecko) Chrome/137.0.0.0 Safari/537.36"
106.55.201.130 - - [20/Jul/2025:16:56:09 -0400] "GET /wp-content/uploads/elementor/google-fonts/fonts/carroisgothic-z9xpdmfatg-n1pltlooxvihl9ame1c8.woff2 HTTP/1.1" 404 58284 "https://www.greasetrap.org/" "Mozilla/5.0 (Windows NT 10.0; Win64; x64) AppleWebKit/537.36 (KHTML, like Gecko) Chrome/137.0.0.0 Safari/537.36"
106.55.200.151 - - [20/Jul/2025:16:56:09 -0400] "GET /wp-content/uploads/elementor/google-fonts/fonts/rubik-ijwebxyifdniv7nenx661a.woff2 HTTP/1.1" 404 58284 "https://www.greasetrap.org/" "Mozilla/5.0 (Windows NT 10.0; Win64; x64) AppleWebKit/537.36 (KHTML, like Gecko) Chrome/137.0.0.0 Safari/537.36"
193.112.129.180 - - [20/Jul/2025:16:56:09 -0400] "GET /wp-content/uploads/elementor/google-fonts/fonts/rubik-ijwkbxyifdniv7nbrxw.woff2 HTTP/1.1" 404 56706 "https://www.greasetrap.org/" "Mozilla/5.0 (Windows NT 10.0; Win64; x64) AppleWebKit/537.36 (KHTML, like Gecko) Chrome/137.0.0.0 Safari/537.36"
144.126.217.73 - - [20/Jul/2025:17:02:33 -0400] "GET / HTTP/1.1" 200 64816 "-" "Mozilla/5.0 (X11; Linux x86_64; rv:137.0) Gecko/20100101 Firefox/137.0"
144.126.217.73 - - [20/Jul/2025:17:02:34 -0400] "GET /wp-content/uploads/2024/03/Toms_Logo_rgb_200x125_300ppi-01-300x190-1-150x150.png HTTP/1.1" 200 11962 "https://gtc.staging-area.xyz/" "Mozilla/5.0 (X11; Linux x86_64; rv:137.0) Gecko/20100101 Firefox/137.0"
104.250.132.194 - - [20/Jul/2025:17:06:33 -0400] "POST /wp-cron.php?doing_wp_cron=1753045593.4450170993804931640625 HTTP/1.1" 200 0 "-" "WordPress/6.8.2; https://gtc.staging-area.xyz"
57.141.6.29 - - [20/Jul/2025:17:06:33 -0400] "GET /?p=112 HTTP/2" 301 0 "-" "meta-externalagent/1.1 (+https://developers.facebook.com/docs/sharing/webmasters/crawler)"
54.246.228.73 - - [20/Jul/2025:17:30:55 -0400] "GET / HTTP/2" 200 56077 "-" "Mozilla/5.0 (Windows NT 10.0; Win64; x64) AppleWebKit/537.36 (KHTML, like Gecko) Chrome/131.0.6778.0 Safari/537.36"
54.246.228.73 - - [20/Jul/2025:17:30:56 -0400] "GET /wp-content/litespeed/css/10a9a39a935ff7e4441e46fc66ebcfaa.css?ver=1a36d HTTP/2" 200 169892 "https://gtc.staging-area.xyz/" "Mozilla/5.0 (Windows NT 10.0; Win64; x64) AppleWebKit/537.36 (KHTML, like Gecko) Chrome/131.0.6778.0 Safari/537.36"
54.246.228.73 - - [20/Jul/2025:17:30:56 -0400] "POST /wp-content/plugins/litespeed-cache/guest.vary.php HTTP/3" 200 20 "https://gtc.staging-area.xyz/" "Mozilla/5.0 (Windows NT 10.0; Win64; x64) AppleWebKit/537.36 (KHTML, like Gecko) Chrome/131.0.6778.0 Safari/537.36"
54.246.228.73 - - [20/Jul/2025:17:30:56 -0400] "GET /wp-content/plugins/elementskit-lite/modules/elementskit-icon-pack/assets/fonts/elementskit.woff?y24e1e HTTP/3" 200 206952 "https://gtc.staging-area.xyz/wp-content/litespeed/css/10a9a39a935ff7e4441e46fc66ebcfaa.css?ver=1a36d" "Mozilla/5.0 (Windows NT 10.0; Win64; x64) AppleWebKit/537.36 (KHTML, like Gecko) Chrome/131.0.6778.0 Safari/537.36"
54.246.228.73 - - [20/Jul/2025:17:30:57 -0400] "GET / HTTP/3" 200 77574 "https://gtc.staging-area.xyz/" "Mozilla/5.0 (Windows NT 10.0; Win64; x64) AppleWebKit/537.36 (KHTML, like Gecko) Chrome/131.0.6778.0 Safari/537.36"
54.246.228.73 - - [20/Jul/2025:17:30:57 -0400] "GET /wp-content/litespeed/css/f86e1dbce8366500416dbfe4fec0dbe1.css?ver=0dbe1 HTTP/3" 200 6792 "https://gtc.staging-area.xyz/" "Mozilla/5.0 (Windows NT 10.0; Win64; x64) AppleWebKit/537.36 (KHTML, like Gecko) Chrome/131.0.6778.0 Safari/537.36"
54.246.228.73 - - [20/Jul/2025:17:30:57 -0400] "GET /wp-content/litespeed/css/001b396a8fa4d5a15bb4632cc0979cb6.css?ver=79cb6 HTTP/3" 200 206 "https://gtc.staging-area.xyz/" "Mozilla/5.0 (Windows NT 10.0; Win64; x64) AppleWebKit/537.36 (KHTML, like Gecko) Chrome/131.0.6778.0 Safari/537.36"
54.246.228.73 - - [20/Jul/2025:17:30:57 -0400] "GET /wp-content/litespeed/css/553483121591dfc0e2f2fc16691e3af7.css?ver=e3af7 HTTP/3" 200 132 "https://gtc.staging-area.xyz/" "Mozilla/5.0 (Windows NT 10.0; Win64; x64) AppleWebKit/537.36 (KHTML, like Gecko) Chrome/131.0.6778.0 Safari/537.36"
54.246.228.73 - - [20/Jul/2025:17:30:57 -0400] "GET /wp-content/litespeed/css/3e6bf8a07dd34027bfb61b1d2b9603c7.css?ver=603c7 HTTP/3" 200 315 "https://gtc.staging-area.xyz/" "Mozilla/5.0 (Windows NT 10.0; Win64; x64) AppleWebKit/537.36 (KHTML, like Gecko) Chrome/131.0.6778.0 Safari/537.36"
54.246.228.73 - - [20/Jul/2025:17:30:57 -0400] "GET /wp-content/litespeed/css/5555063577b0949ed89c4c2e3e5e983b.css?ver=e983b HTTP/3" 200 125 "https://gtc.staging-area.xyz/" "Mozilla/5.0 (Windows NT 10.0; Win64; x64) AppleWebKit/537.36 (KHTML, like Gecko) Chrome/131.0.6778.0 Safari/537.36"
54.246.228.73 - - [20/Jul/2025:17:30:57 -0400] "GET /wp-content/litespeed/css/99e51ac6ec15c4d480d0d07170cb75be.css?ver=b75be HTTP/3" 200 0 "https://gtc.staging-area.xyz/" "Mozilla/5.0 (Windows NT 10.0; Win64; x64) AppleWebKit/537.36 (KHTML, like Gecko) Chrome/131.0.6778.0 Safari/537.36"
54.246.228.73 - - [20/Jul/2025:17:30:57 -0400] "GET /wp-content/litespeed/css/9547384944cb98e80fb8168fa8bfc2ce.css?ver=fc2ce HTTP/3" 200 191 "https://gtc.staging-area.xyz/" "Mozilla/5.0 (Windows NT 10.0; Win64; x64) AppleWebKit/537.36 (KHTML, like Gecko) Chrome/131.0.6778.0 Safari/537.36"
54.246.228.73 - - [20/Jul/2025:17:30:57 -0400] "GET /wp-content/litespeed/css/88f48781e6efd0f34b38f65b5c4e157c.css?ver=e157c HTTP/3" 200 631 "https://gtc.staging-area.xyz/" "Mozilla/5.0 (Windows NT 10.0; Win64; x64) AppleWebKit/537.36 (KHTML, like Gecko) Chrome/131.0.6778.0 Safari/537.36"
54.246.228.73 - - [20/Jul/2025:17:30:57 -0400] "GET /wp-content/litespeed/css/7e5f72748118ba0f8d7eb33aac077c09.css?ver=77c09 HTTP/3" 200 101 "https://gtc.staging-area.xyz/" "Mozilla/5.0 (Windows NT 10.0; Win64; x64) AppleWebKit/537.36 (KHTML, like Gecko) Chrome/131.0.6778.0 Safari/537.36"
54.246.228.73 - - [20/Jul/2025:17:30:57 -0400] "GET /wp-content/litespeed/css/ca6b5c40ecc3cf9c4d9172e0b5600989.css?ver=00989 HTTP/3" 200 529 "https://gtc.staging-area.xyz/" "Mozilla/5.0 (Windows NT 10.0; Win64; x64) AppleWebKit/537.36 (KHTML, like Gecko) Chrome/131.0.6778.0 Safari/537.36"
54.246.228.73 - - [20/Jul/2025:17:30:57 -0400] "GET /wp-content/litespeed/css/d439bf42ba978c2ca7ba964e12ece33e.css?ver=ce33e HTTP/3" 200 4912 "https://gtc.staging-area.xyz/" "Mozilla/5.0 (Windows NT 10.0; Win64; x64) AppleWebKit/537.36 (KHTML, like Gecko) Chrome/131.0.6778.0 Safari/537.36"
54.246.228.73 - - [20/Jul/2025:17:30:57 -0400] "GET /wp-content/litespeed/css/844a3036c22efebbb07e64e8f52a5c3c.css?ver=a5c3c HTTP/3" 200 1514 "https://gtc.staging-area.xyz/" "Mozilla/5.0 (Windows NT 10.0; Win64; x64) AppleWebKit/537.36 (KHTML, like Gecko) Chrome/131.0.6778.0 Safari/537.36"
54.246.228.73 - - [20/Jul/2025:17:30:57 -0400] "GET /wp-content/litespeed/css/69ae562310b9c3ac5550468e7d4cb060.css?ver=cb060 HTTP/3" 200 152 "https://gtc.staging-area.xyz/" "Mozilla/5.0 (Windows NT 10.0; Win64; x64) AppleWebKit/537.36 (KHTML, like Gecko) Chrome/131.0.6778.0 Safari/537.36"
54.246.228.73 - - [20/Jul/2025:17:30:57 -0400] "GET /wp-content/litespeed/css/cbe113b8b7215398fbbdaede7a8d329c.css?ver=d329c HTTP/3" 200 6482 "https://gtc.staging-area.xyz/" "Mozilla/5.0 (Windows NT 10.0; Win64; x64) AppleWebKit/537.36 (KHTML, like Gecko) Chrome/131.0.6778.0 Safari/537.36"
54.246.228.73 - - [20/Jul/2025:17:30:57 -0400] "GET /wp-content/litespeed/css/34ca95225d1c0259e0edcdcd2bf46b14.css?ver=46b14 HTTP/3" 200 1557 "https://gtc.staging-area.xyz/" "Mozilla/5.0 (Windows NT 10.0; Win64; x64) AppleWebKit/537.36 (KHTML, like Gecko) Chrome/131.0.6778.0 Safari/537.36"
54.246.228.73 - - [20/Jul/2025:17:30:57 -0400] "GET /wp-content/litespeed/css/6c80f7014a2cc3590a98bfac42916ace.css?ver=16ace HTTP/3" 200 647 "https://gtc.staging-area.xyz/" "Mozilla/5.0 (Windows NT 10.0; Win64; x64) AppleWebKit/537.36 (KHTML, like Gecko) Chrome/131.0.6778.0 Safari/537.36"
54.246.228.73 - - [20/Jul/2025:17:30:57 -0400] "GET /wp-content/litespeed/css/bea7fa81b31d0a71c14780b62e948eb5.css?ver=48eb5 HTTP/3" 200 142 "https://gtc.staging-area.xyz/" "Mozilla/5.0 (Windows NT 10.0; Win64; x64) AppleWebKit/537.36 (KHTML, like Gecko) Chrome/131.0.6778.0 Safari/537.36"
54.246.228.73 - - [20/Jul/2025:17:30:57 -0400] "GET /wp-content/litespeed/css/cd11d6d8fdd2106be76309f851ab7b6a.css?ver=b7b6a HTTP/3" 200 114 "https://gtc.staging-area.xyz/" "Mozilla/5.0 (Windows NT 10.0; Win64; x64) AppleWebKit/537.36 (KHTML, like Gecko) Chrome/131.0.6778.0 Safari/537.36"
54.246.228.73 - - [20/Jul/2025:17:30:57 -0400] "GET /wp-content/litespeed/css/ebf5f75843b18078abf41f253df0b6cd.css?ver=0b6cd HTTP/3" 200 504 "https://gtc.staging-area.xyz/" "Mozilla/5.0 (Windows NT 10.0; Win64; x64) AppleWebKit/537.36 (KHTML, like Gecko) Chrome/131.0.6778.0 Safari/537.36"
54.246.228.73 - - [20/Jul/2025:17:30:57 -0400] "GET /wp-content/litespeed/css/bc290777e40ffdd9e92f2abb978aa984.css?ver=aa984 HTTP/3" 200 154 "https://gtc.staging-area.xyz/" "Mozilla/5.0 (Windows NT 10.0; Win64; x64) AppleWebKit/537.36 (KHTML, like Gecko) Chrome/131.0.6778.0 Safari/537.36"
54.246.228.73 - - [20/Jul/2025:17:30:57 -0400] "GET /wp-content/litespeed/css/bce8eb9e52b1e423e1fc1148e69e735e.css?ver=e735e HTTP/3" 200 119 "https://gtc.staging-area.xyz/" "Mozilla/5.0 (Windows NT 10.0; Win64; x64) AppleWebKit/537.36 (KHTML, like Gecko) Chrome/131.0.6778.0 Safari/537.36"
54.246.228.73 - - [20/Jul/2025:17:30:57 -0400] "GET /wp-content/litespeed/css/d5dbc1c93743b0ef1a78ab4e62ee15d9.css?ver=e15d9 HTTP/3" 200 198 "https://gtc.staging-area.xyz/" "Mozilla/5.0 (Windows NT 10.0; Win64; x64) AppleWebKit/537.36 (KHTML, like Gecko) Chrome/131.0.6778.0 Safari/537.36"
54.246.228.73 - - [20/Jul/2025:17:30:57 -0400] "GET /wp-content/litespeed/css/266df36c71926868d5b9c7a4526f949c.css?ver=f949c HTTP/3" 200 77 "https://gtc.staging-area.xyz/" "Mozilla/5.0 (Windows NT 10.0; Win64; x64) AppleWebKit/537.36 (KHTML, like Gecko) Chrome/131.0.6778.0 Safari/537.36"
54.246.228.73 - - [20/Jul/2025:17:30:57 -0400] "GET /wp-content/litespeed/css/5401b12e9e01a5c462e2277ac1d544a6.css?ver=544a6 HTTP/3" 200 315 "https://gtc.staging-area.xyz/" "Mozilla/5.0 (Windows NT 10.0; Win64; x64) AppleWebKit/537.36 (KHTML, like Gecko) Chrome/131.0.6778.0 Safari/537.36"
54.246.228.73 - - [20/Jul/2025:17:30:57 -0400] "GET /wp-content/litespeed/css/6f7f41d90acd65f609d13eab89a3cfb8.css?ver=3cfb8 HTTP/3" 200 117 "https://gtc.staging-area.xyz/" "Mozilla/5.0 (Windows NT 10.0; Win64; x64) AppleWebKit/537.36 (KHTML, like Gecko) Chrome/131.0.6778.0 Safari/537.36"
54.246.228.73 - - [20/Jul/2025:17:30:57 -0400] "GET /wp-content/litespeed/css/31bbf97260bcc9f64509478050dd63aa.css?ver=d63aa HTTP/3" 200 139 "https://gtc.staging-area.xyz/" "Mozilla/5.0 (Windows NT 10.0; Win64; x64) AppleWebKit/537.36 (KHTML, like Gecko) Chrome/131.0.6778.0 Safari/537.36"
54.246.228.73 - - [20/Jul/2025:17:30:57 -0400] "GET /wp-content/litespeed/css/3144cee92ac01f314e5cece2c397c99f.css?ver=7c99f HTTP/3" 200 705 "https://gtc.staging-area.xyz/" "Mozilla/5.0 (Windows NT 10.0; Win64; x64) AppleWebKit/537.36 (KHTML, like Gecko) Chrome/131.0.6778.0 Safari/537.36"
54.246.228.73 - - [20/Jul/2025:17:30:57 -0400] "GET /wp-content/litespeed/css/cbc900a8f29283e489db0767cacab6b8.css?ver=ab6b8 HTTP/3" 200 1716 "https://gtc.staging-area.xyz/" "Mozilla/5.0 (Windows NT 10.0; Win64; x64) AppleWebKit/537.36 (KHTML, like Gecko) Chrome/131.0.6778.0 Safari/537.36"
54.246.228.73 - - [20/Jul/2025:17:30:57 -0400] "GET /wp-content/litespeed/css/9f2446750e84ae14cc79eb62db5e65ca.css?ver=e65ca HTTP/3" 200 1579 "https://gtc.staging-area.xyz/" "Mozilla/5.0 (Windows NT 10.0; Win64; x64) AppleWebKit/537.36 (KHTML, like Gecko) Chrome/131.0.6778.0 Safari/537.36"
54.246.228.73 - - [20/Jul/2025:17:30:57 -0400] "GET /wp-content/litespeed/css/c7d0939dcb91388e51ee381350c6b699.css?ver=6b699 HTTP/3" 200 957 "https://gtc.staging-area.xyz/" "Mozilla/5.0 (Windows NT 10.0; Win64; x64) AppleWebKit/537.36 (KHTML, like Gecko) Chrome/131.0.6778.0 Safari/537.36"
54.246.228.73 - - [20/Jul/2025:17:30:57 -0400] "GET /wp-content/litespeed/css/c4014029fc7451a309f26080c83a7dee.css?ver=a7dee HTTP/3" 200 1258 "https://gtc.staging-area.xyz/" "Mozilla/5.0 (Windows NT 10.0; Win64; x64) AppleWebKit/537.36 (KHTML, like Gecko) Chrome/131.0.6778.0 Safari/537.36"
54.246.228.73 - - [20/Jul/2025:17:30:57 -0400] "GET /wp-content/litespeed/css/05258ca494790465bd88aa7b62a86e13.css?ver=86e13 HTTP/3" 200 352 "https://gtc.staging-area.xyz/" "Mozilla/5.0 (Windows NT 10.0; Win64; x64) AppleWebKit/537.36 (KHTML, like Gecko) Chrome/131.0.6778.0 Safari/537.36"
54.246.228.73 - - [20/Jul/2025:17:30:57 -0400] "GET /wp-content/litespeed/css/54575831618e880652d1cc0114e76193.css?ver=76193 HTTP/3" 200 393 "https://gtc.staging-area.xyz/" "Mozilla/5.0 (Windows NT 10.0; Win64; x64) AppleWebKit/537.36 (KHTML, like Gecko) Chrome/131.0.6778.0 Safari/537.36"
54.246.228.73 - - [20/Jul/2025:17:30:57 -0400] "GET /wp-content/litespeed/css/3ceb6b19dc9363fa3bf42d1e38c587b7.css?ver=587b7 HTTP/3" 200 1340 "https://gtc.staging-area.xyz/" "Mozilla/5.0 (Windows NT 10.0; Win64; x64) AppleWebKit/537.36 (KHTML, like Gecko) Chrome/131.0.6778.0 Safari/537.36"
54.246.228.73 - - [20/Jul/2025:17:30:57 -0400] "GET /wp-content/litespeed/css/41a3afac2068f2884cb0f154c43fb735.css?ver=fb735 HTTP/3" 200 1123 "https://gtc.staging-area.xyz/" "Mozilla/5.0 (Windows NT 10.0; Win64; x64) AppleWebKit/537.36 (KHTML, like Gecko) Chrome/131.0.6778.0 Safari/537.36"
54.246.228.73 - - [20/Jul/2025:17:30:57 -0400] "GET /wp-content/litespeed/css/cb3ff866d105e45be53170de08fbc19d.css?ver=bc19d HTTP/3" 200 108 "https://gtc.staging-area.xyz/" "Mozilla/5.0 (Windows NT 10.0; Win64; x64) AppleWebKit/537.36 (KHTML, like Gecko) Chrome/131.0.6778.0 Safari/537.36"
54.246.228.73 - - [20/Jul/2025:17:30:57 -0400] "GET /wp-content/litespeed/css/8d27182b06749b97f108c7956c11507e.css?ver=1507e HTTP/3" 200 1069 "https://gtc.staging-area.xyz/" "Mozilla/5.0 (Windows NT 10.0; Win64; x64) AppleWebKit/537.36 (KHTML, like Gecko) Chrome/131.0.6778.0 Safari/537.36"
54.246.228.73 - - [20/Jul/2025:17:30:57 -0400] "GET /wp-content/litespeed/css/f9565732e9b65940fa3809b2a41ba409.css?ver=ba409 HTTP/3" 200 472 "https://gtc.staging-area.xyz/" "Mozilla/5.0 (Windows NT 10.0; Win64; x64) AppleWebKit/537.36 (KHTML, like Gecko) Chrome/131.0.6778.0 Safari/537.36"
54.246.228.73 - - [20/Jul/2025:17:30:57 -0400] "GET /wp-content/litespeed/css/ff16ac50a1a626f9450307e75f1ef40f.css?ver=ef40f HTTP/3" 200 162 "https://gtc.staging-area.xyz/" "Mozilla/5.0 (Windows NT 10.0; Win64; x64) AppleWebKit/537.36 (KHTML, like Gecko) Chrome/131.0.6778.0 Safari/537.36"
54.246.228.73 - - [20/Jul/2025:17:30:57 -0400] "GET /wp-content/litespeed/css/6f3f1a298cb0ab66dfd44e03ca114b0b.css?ver=14b0b HTTP/3" 200 4027 "https://gtc.staging-area.xyz/" "Mozilla/5.0 (Windows NT 10.0; Win64; x64) AppleWebKit/537.36 (KHTML, like Gecko) Chrome/131.0.6778.0 Safari/537.36"
