64.225.18.211 - - [30/Aug/2026:05:04:39 -0400] "GET /wp-login.php HTTP/1.1" 403 1242 "-" "Mozilla/5.0"
2a06:98c0:3600::103 - - [30/Aug/2026:05:45:30 -0400] "GET /wp-admin/install.php?step=1 HTTP/1.1" 200 547 "-" "http://topgbath.com/wp-admin/install.php?step=1"
141.138.213.119 - - [30/Aug/2026:06:41:32 -0400] "GET / HTTP/1.1" 301 0 "-" "Mozilla/5.0 (Windows NT 10.0; Win64; x64) AppleWebKit/537.36 (KHTML, like Gecko) Chrome/122.0.0.0 Safari/537.3"
2a06:98c0:3600::103 - - [30/Aug/2026:07:27:18 -0400] "GET /wp-admin/install.php?step=1 HTTP/1.1" 200 547 "-" "http://topgbath.com/wp-admin/install.php?step=1"
2a06:98c0:3600::103 - - [30/Aug/2026:09:01:20 -0400] "GET /wp-admin/install.php?step=1 HTTP/1.1" 200 547 "-" "http://topgbath.com/wp-admin/install.php?step=1"
66.249.66.71 - - [30/Aug/2026:10:36:13 -0400] "GET /robots.txt HTTP/1.1" 200 96 "-" "Mozilla/5.0 (compatible; Googlebot/2.1; +http://www.google.com/bot.html)"
2a06:98c0:3600::103 - - [30/Aug/2026:10:48:09 -0400] "GET /wp-admin/install.php?step=1 HTTP/1.1" 200 547 "-" "http://topgbath.com/wp-admin/install.php?step=1"
2a06:98c0:3600::103 - - [30/Aug/2026:12:27:38 -0400] "GET /wp-admin/install.php?step=1 HTTP/1.1" 200 547 "-" "http://topgbath.com/wp-admin/install.php?step=1"
2a06:98c0:3600::103 - - [30/Aug/2026:14:07:16 -0400] "GET /wp-admin/install.php?step=1 HTTP/1.1" 200 547 "-" "http://topgbath.com/wp-admin/install.php?step=1"
2a06:98c0:3600::103 - - [30/Aug/2026:15:44:45 -0400] "GET /wp-admin/install.php?step=1 HTTP/1.1" 200 547 "-" "http://topgbath.com/wp-admin/install.php?step=1"
2a06:98c0:3600::103 - - [30/Aug/2026:16:49:23 -0400] "GET /wp-admin/install.php?step=1 HTTP/1.1" 200 547 "-" "http://topgbath.com/wp-admin/install.php?step=1"
35.223.5.87 - - [30/Aug/2026:18:05:08 -0400] "GET / HTTP/1.1" 301 0 "-" "Mozilla/5.0 (compatible; CMS-Checker/1.0; +https://example.com)"
35.223.5.87 - - [30/Aug/2026:18:05:08 -0400] "GET / HTTP/1.1" 301 0 "-" "Mozilla/5.0 (compatible; CMS-Checker/1.0; +https://example.com)"
2a06:98c0:3600::103 - - [30/Aug/2026:18:27:44 -0400] "GET /wp-admin/install.php?step=1 HTTP/1.1" 200 547 "-" "http://topgbath.com/wp-admin/install.php?step=1"
2a06:98c0:3600::103 - - [30/Aug/2026:20:03:59 -0400] "GET /wp-admin/install.php?step=1 HTTP/1.1" 200 547 "-" "http://topgbath.com/wp-admin/install.php?step=1"
178.128.18.221 - - [30/Aug/2026:21:37:35 -0400] "GET / HTTP/1.1" 301 0 "-" "wp2shell-rce/1.0"
178.128.18.221 - - [30/Aug/2026:21:37:36 -0400] "GET / HTTP/1.1" 301 0 "-" "wp2shell-rce/1.0"
178.128.18.221 - - [30/Aug/2026:21:37:37 -0400] "POST /?rest_route=/batch/v1 HTTP/1.1" 400 125 "-" "wp2shell-rce/1.0"
178.128.18.221 - - [30/Aug/2026:21:37:38 -0400] "GET / HTTP/1.1" 301 0 "-" "Mozilla/5.0 (Windows NT 10.0; Win64; x64) AppleWebKit/537.36 (KHTML, like Gecko) Chrome/126.0 Safari/537.36"
178.128.18.221 - - [30/Aug/2026:21:37:38 -0400] "POST /?rest_route=/batch/v1 HTTP/1.1" 400 125 "-" "wp2shell-rce/1.0"
178.128.18.221 - - [30/Aug/2026:21:37:38 -0400] "GET / HTTP/1.1" 301 0 "-" "Mozilla/5.0 (Windows NT 10.0; Win64; x64) AppleWebKit/537.36 (KHTML, like Gecko) Chrome/126.0 Safari/537.36"
2a06:98c0:3600::103 - - [30/Aug/2026:21:42:09 -0400] "GET /wp-admin/install.php?step=1 HTTP/1.1" 200 547 "-" "http://topgbath.com/wp-admin/install.php?step=1"
192.241.248.88 - - [30/Aug/2026:21:51:28 -0400] "GET / HTTP/1.1" 301 0 "-" "Mozilla/5.0 (Windows NT 10.0; Win64; x64) AppleWebKit/537.36 (KHTML, like Gecko) Chrome/80.0.3987.149 Safari/537.36"
192.241.248.88 - - [30/Aug/2026:21:51:28 -0400] "GET / HTTP/1.1" 301 0 "-" "Mozilla/5.0 (Windows NT 10.0; Win64; x64) AppleWebKit/537.36 (KHTML, like Gecko) Chrome/80.0.3987.149 Safari/537.36"
2a06:98c0:3600::103 - - [30/Aug/2026:23:17:34 -0400] "GET /wp-admin/install.php?step=1 HTTP/1.1" 200 547 "-" "http://topgbath.com/wp-admin/install.php?step=1"
2a06:98c0:3600::103 - - [31/Aug/2026:00:55:10 -0400] "GET /wp-admin/install.php?step=1 HTTP/1.1" 200 547 "-" "http://topgbath.com/wp-admin/install.php?step=1"
2a06:98c0:3600::103 - - [31/Aug/2026:02:33:47 -0400] "GET /wp-admin/install.php?step=1 HTTP/1.1" 200 547 "-" "http://topgbath.com/wp-admin/install.php?step=1"
23.94.155.141 - - [31/Aug/2026:02:41:32 -0400] "GET /wp-login.php HTTP/1.1" 403 1242 "-" "Mozilla/5.0"
2a06:98c0:3600::103 - - [31/Aug/2026:04:10:17 -0400] "GET /wp-admin/install.php?step=1 HTTP/1.1" 200 547 "-" "http://topgbath.com/wp-admin/install.php?step=1"
164.92.82.119 - - [31/Aug/2026:04:35:51 -0400] "GET / HTTP/1.1" 301 0 "-" "Mozilla/5.0 (X11; Linux x86_64) AppleWebKit/537.36 (KHTML, like Gecko) Chrome/142.0.0.0 Safari/537.36"
164.92.82.119 - - [31/Aug/2026:04:35:51 -0400] "GET /favicon.ico HTTP/1.1" 404 1251 "http://www.topgbath.com.staging-area.xyz/" "Mozilla/5.0 (X11; Linux x86_64) AppleWebKit/537.36 (KHTML, like Gecko) Chrome/142.0.0.0 Safari/537.36"
185.141.89.157 - - [31/Aug/2026:04:39:53 -0400] "GET / HTTP/1.1" 301 0 "-" "Mozilla/5.0 (Linux; U; Android 13; sk-sk; Xiaomi 11T Pro Build/TKQ1.220829.002) AppleWebKit/537.36 (KHTML, like Gecko) Version/4.0 Chrome/112.0.5615.136 Mobile Safari/537.36 XiaoMi/MiuiBrowser/14.4.0-g"
143.198.75.232 - - [31/Aug/2026:05:30:45 -0400] "GET / HTTP/1.1" 301 0 "-" "Mozilla/5.0 (X11; Linux x86_64; rv:142.0) Gecko/20100101 Firefox/142.0"
143.198.75.232 - - [31/Aug/2026:05:30:45 -0400] "GET /favicon.ico HTTP/1.1" 404 1251 "http://topgbath.com/" "Mozilla/5.0 (X11; Linux x86_64; rv:142.0) Gecko/20100101 Firefox/142.0"
2a06:98c0:3600::103 - - [31/Aug/2026:06:42:23 -0400] "GET /wp-admin/install.php?step=1 HTTP/1.1" 200 547 "-" "http://topgbath.com/wp-admin/install.php?step=1"
34.181.147.221 - - [31/Aug/2026:07:30:37 -0400] "GET / HTTP/1.1" 301 0 "-" "Mozilla/5.0 (Windows NT 10.0; Win64; x64) AppleWebKit/537.36 (KHTML, like Gecko) Chrome/78.0.3904.108 Safari/537.36"
34.181.147.221 - - [31/Aug/2026:07:30:37 -0400] "GET / HTTP/1.1" 301 0 "-" "Mozilla/5.0 (Windows NT 10.0; Win64; x64) AppleWebKit/537.36 (KHTML, like Gecko) Chrome/78.0.3904.108 Safari/537.36"
2a06:98c0:3600::103 - - [31/Aug/2026:08:23:48 -0400] "GET /wp-admin/install.php?step=1 HTTP/1.1" 200 547 "-" "http://topgbath.com/wp-admin/install.php?step=1"
2a06:98c0:3600::103 - - [31/Aug/2026:10:06:05 -0400] "GET /wp-admin/install.php?step=1 HTTP/1.1" 200 547 "-" "http://topgbath.com/wp-admin/install.php?step=1"
66.249.66.200 - - [31/Aug/2026:10:51:49 -0400] "GET /robots.txt HTTP/1.1" 200 96 "-" "Mozilla/5.0 (compatible; Googlebot/2.1; +http://www.google.com/bot.html)"
2a06:98c0:3600::103 - - [31/Aug/2026:11:46:28 -0400] "GET /wp-admin/install.php?step=1 HTTP/1.1" 200 547 "-" "http://topgbath.com/wp-admin/install.php?step=1"
100.27.11.69 - - [31/Aug/2026:11:50:29 -0400] "GET / HTTP/1.1" 301 0 "-" "Mozilla/5.0 (Linux; Android 11; RMX1921) AppleWebKit/537.36 (KHTML, like Gecko) Chrome/99.0.4844.88 Mobile Safari/537.36"
2a06:98c0:3600::103 - - [31/Aug/2026:13:25:10 -0400] "GET /wp-admin/install.php?step=1 HTTP/1.1" 200 547 "-" "http://topgbath.com/wp-admin/install.php?step=1"
157.55.39.223 - - [31/Aug/2026:13:26:22 -0400] "GET /robots.txt HTTP/1.1" 200 96 "-" "Mozilla/5.0 AppleWebKit/537.36 (KHTML, like Gecko; compatible; bingbot/2.0; +http://www.bing.com/bingbot.htm) Chrome/116.0.1938.76 Safari/537.36"
40.77.167.43 - - [31/Aug/2026:13:26:29 -0400] "GET / HTTP/1.1" 301 0 "-" "Mozilla/5.0 AppleWebKit/537.36 (KHTML, like Gecko; compatible; bingbot/2.0; +http://www.bing.com/bingbot.htm) Chrome/116.0.1938.76 Safari/537.36"
2a06:98c0:3600::103 - - [31/Aug/2026:15:08:05 -0400] "GET /wp-admin/install.php?step=1 HTTP/1.1" 200 547 "-" "http://topgbath.com/wp-admin/install.php?step=1"
2a06:98c0:3600::103 - - [31/Aug/2026:16:45:45 -0400] "GET /wp-admin/install.php?step=1 HTTP/1.1" 200 547 "-" "http://topgbath.com/wp-admin/install.php?step=1"
2a06:98c0:3600::103 - - [31/Aug/2026:18:25:16 -0400] "GET /wp-admin/install.php?step=1 HTTP/1.1" 200 547 "-" "http://topgbath.com/wp-admin/install.php?step=1"
2a06:98c0:3600::103 - - [31/Aug/2026:18:26:54 -0400] "GET /wp-admin/install.php?step=1 HTTP/1.1" 200 547 "-" "http://topgbath.com/wp-admin/install.php?step=1"
2a06:98c0:3600::103 - - [31/Aug/2026:20:35:15 -0400] "GET /wp-admin/install.php?step=1 HTTP/1.1" 200 547 "-" "http://topgbath.com/wp-admin/install.php?step=1"
2a06:98c0:3600::103 - - [31/Aug/2026:22:10:24 -0400] "GET /wp-admin/install.php?step=1 HTTP/1.1" 200 547 "-" "http://topgbath.com/wp-admin/install.php?step=1"
2a06:98c0:3600::103 - - [31/Aug/2026:23:50:51 -0400] "GET /wp-admin/install.php?step=1 HTTP/1.1" 200 547 "-" "http://topgbath.com/wp-admin/install.php?step=1"
2a06:98c0:3600::103 - - [01/Sep/2026:01:27:17 -0400] "GET /wp-admin/install.php?step=1 HTTP/1.1" 200 547 "-" "http://topgbath.com/wp-admin/install.php?step=1"
104.236.75.4 - - [01/Sep/2026:01:27:40 -0400] "GET / HTTP/1.1" 301 0 "-" "Mozilla/5.0 (Windows NT 6.1; WOW64; rv:40.0) Gecko/20100101 Firefox/40.1"
136.116.33.3 - - [01/Sep/2026:01:29:33 -0400] "GET / HTTP/1.1" 301 0 "-" "Mozilla/5.0 (Windows NT 10.0; Win64; x64) AppleWebKit/537.36 (KHTML, like Gecko) Chrome/95.0.4638.69 Safari/537.36"
136.116.33.3 - - [01/Sep/2026:01:29:34 -0400] "GET / HTTP/1.1" 301 0 "-" "Mozilla/5.0 (Windows NT 10.0; Win64; x64) AppleWebKit/537.36 (KHTML, like Gecko) Chrome/95.0.4638.69 Safari/537.36"
2a06:98c0:3600::103 - - [01/Sep/2026:03:05:56 -0400] "GET /wp-admin/install.php?step=1 HTTP/1.1" 200 547 "-" "http://topgbath.com/wp-admin/install.php?step=1"
161.35.80.206 - - [01/Sep/2026:03:08:22 -0400] "GET / HTTP/1.1" 301 0 "-" "Mozilla/5.0 (Windows NT 10.0; Win64; x64) AppleWebKit/537.36 (KHTML, like Gecko) Chrome/134.0.0.0 Safari/537.3"
136.67.84.129 - - [01/Sep/2026:04:25:59 -0400] "GET / HTTP/1.1" 301 0 "-" "Mozilla/5.0 (Windows NT 10.0; Win64; x64) AppleWebKit/537.36 (KHTML, like Gecko) Chrome/95.0.4638.69 Safari/537.36"
136.67.84.129 - - [01/Sep/2026:04:25:59 -0400] "GET / HTTP/1.1" 301 0 "-" "Mozilla/5.0 (Windows NT 10.0; Win64; x64) AppleWebKit/537.36 (KHTML, like Gecko) Chrome/95.0.4638.69 Safari/537.36"
2a06:98c0:3600::103 - - [01/Sep/2026:04:43:41 -0400] "GET /wp-admin/install.php?step=1 HTTP/1.1" 200 547 "-" "http://topgbath.com/wp-admin/install.php?step=1"
54.219.96.70 - - [01/Sep/2026:05:18:01 -0400] "GET / HTTP/1.1" 301 0 "-" "Mozilla/5.0 (Windows NT 10.0; Win64; x64) AppleWebKit/537.36 (KHTML, like Gecko) Chrome/120.0.0.0 Safari/537.36"
71.6.237.232 - - [01/Sep/2026:05:46:43 -0400] "GET / HTTP/1.1" 301 0 "-" "RootEvidence/1.0"
2a06:98c0:3600::103 - - [01/Sep/2026:06:24:16 -0400] "GET /wp-admin/install.php?step=1 HTTP/1.1" 200 547 "-" "http://topgbath.com/wp-admin/install.php?step=1"
136.144.42.6 - - [01/Sep/2026:08:03:43 -0400] "GET /wp-login.php HTTP/1.1" 403 1242 "-" "Mozilla/5.0"
2a06:98c0:3600::103 - - [01/Sep/2026:08:07:45 -0400] "GET /wp-admin/install.php?step=1 HTTP/1.1" 200 547 "-" "http://topgbath.com/wp-admin/install.php?step=1"
142.111.152.177 - - [01/Sep/2026:08:37:41 -0400] "GET /wp-login.php HTTP/1.1" 403 1242 "-" "Mozilla/5.0"
2a06:98c0:3600::103 - - [01/Sep/2026:09:46:47 -0400] "GET /wp-admin/install.php?step=1 HTTP/1.1" 200 547 "-" "http://topgbath.com/wp-admin/install.php?step=1"
2a06:98c0:3600::103 - - [01/Sep/2026:11:12:08 -0400] "GET /wp-admin/install.php?step=1 HTTP/1.1" 200 547 "-" "http://topgbath.com/wp-admin/install.php?step=1"
66.249.66.201 - - [01/Sep/2026:12:09:01 -0400] "GET /robots.txt HTTP/1.1" 200 96 "-" "Mozilla/5.0 (compatible; Googlebot/2.1; +http://www.google.com/bot.html)"
2a06:98c0:3600::103 - - [01/Sep/2026:12:50:59 -0400] "GET /wp-admin/install.php?step=1 HTTP/1.1" 200 547 "-" "http://topgbath.com/wp-admin/install.php?step=1"
2a06:98c0:3600::103 - - [01/Sep/2026:14:34:06 -0400] "GET /wp-admin/install.php?step=1 HTTP/1.1" 200 547 "-" "http://topgbath.com/wp-admin/install.php?step=1"
2a06:98c0:3600::103 - - [01/Sep/2026:16:09:40 -0400] "GET /wp-admin/install.php?step=1 HTTP/1.1" 200 547 "-" "http://topgbath.com/wp-admin/install.php?step=1"
2a06:98c0:3600::103 - - [01/Sep/2026:16:14:10 -0400] "GET /wp-admin/install.php?step=1 HTTP/1.1" 200 547 "-" "http://topgbath.com/wp-admin/install.php?step=1"
2a06:98c0:3600::103 - - [01/Sep/2026:17:48:26 -0400] "GET /wp-admin/install.php?step=1 HTTP/1.1" 200 547 "-" "http://topgbath.com/wp-admin/install.php?step=1"
136.115.23.53 - - [01/Sep/2026:18:50:11 -0400] "GET /wordpress/.git/config HTTP/1.1" 403 1242 "-" "crusader-worker/1.0"
136.115.23.53 - - [01/Sep/2026:18:50:11 -0400] "GET /html/.git/config HTTP/1.1" 403 1242 "-" "crusader-worker/1.0"
136.115.23.53 - - [01/Sep/2026:18:50:11 -0400] "GET /htdocs/.git/config HTTP/1.1" 403 1242 "-" "crusader-worker/1.0"
136.115.23.53 - - [01/Sep/2026:18:50:11 -0400] "GET /app/.git/config HTTP/1.1" 403 1242 "-" "crusader-worker/1.0"
136.115.23.53 - - [01/Sep/2026:18:50:11 -0400] "GET /public/.git/config HTTP/1.1" 403 1242 "-" "crusader-worker/1.0"
136.115.23.53 - - [01/Sep/2026:18:50:11 -0400] "GET /api/.git/config HTTP/1.1" 403 1242 "-" "crusader-worker/1.0"
136.115.23.53 - - [01/Sep/2026:18:50:11 -0400] "GET /.git/config HTTP/1.1" 403 1242 "-" "crusader-worker/1.0"
136.115.23.53 - - [01/Sep/2026:18:50:11 -0400] "GET /src/.git/config HTTP/1.1" 403 1242 "-" "crusader-worker/1.0"
136.115.23.53 - - [01/Sep/2026:18:50:11 -0400] "GET /www/.git/config HTTP/1.1" 403 1242 "-" "crusader-worker/1.0"
136.115.23.53 - - [01/Sep/2026:18:50:11 -0400] "GET /backend/.git/config HTTP/1.1" 403 1242 "-" "crusader-worker/1.0"
136.115.23.53 - - [01/Sep/2026:18:50:11 -0400] "GET /site/.git/config HTTP/1.1" 403 1242 "-" "crusader-worker/1.0"
136.115.23.53 - - [01/Sep/2026:18:50:11 -0400] "GET /var/www/.git/config HTTP/1.1" 403 1242 "-" "crusader-worker/1.0"
2a06:98c0:3600::103 - - [01/Sep/2026:19:25:54 -0400] "GET /wp-admin/install.php?step=1 HTTP/1.1" 200 547 "-" "http://topgbath.com/wp-admin/install.php?step=1"
2a06:98c0:3600::103 - - [01/Sep/2026:21:07:28 -0400] "GET /wp-admin/install.php?step=1 HTTP/1.1" 200 547 "-" "http://topgbath.com/wp-admin/install.php?step=1"
66.249.66.200 - - [01/Sep/2026:21:49:08 -0400] "GET /robots.txt HTTP/1.1" 200 96 "-" "Mozilla/5.0 (compatible; Googlebot/2.1; +http://www.google.com/bot.html)"
66.249.66.45 - - [01/Sep/2026:21:49:09 -0400] "GET / HTTP/1.1" 301 0 "-" "Mozilla/5.0 (Linux; Android 6.0.1; Nexus 5X Build/MMB29P) AppleWebKit/537.36 (KHTML, like Gecko) Chrome/151.0.7922.173 Mobile Safari/537.36 (compatible; Googlebot/2.1; +http://www.google.com/bot.html)"
2a06:98c0:3600::103 - - [01/Sep/2026:22:44:16 -0400] "GET /wp-admin/install.php?step=1 HTTP/1.1" 200 547 "-" "http://topgbath.com/wp-admin/install.php?step=1"
2a06:98c0:3600::103 - - [02/Sep/2026:00:20:57 -0400] "GET /wp-admin/install.php?step=1 HTTP/1.1" 200 547 "-" "http://topgbath.com/wp-admin/install.php?step=1"
2a06:98c0:3600::103 - - [02/Sep/2026:01:27:24 -0400] "GET /wp-admin/install.php?step=1 HTTP/1.1" 200 547 "-" "http://topgbath.com/wp-admin/install.php?step=1"
2a06:98c0:3600::103 - - [02/Sep/2026:03:06:36 -0400] "GET /wp-admin/install.php?step=1 HTTP/1.1" 200 547 "-" "http://topgbath.com/wp-admin/install.php?step=1"
2a06:98c0:3600::103 - - [02/Sep/2026:03:07:39 -0400] "GET /wp-admin/install.php?step=1 HTTP/1.1" 200 547 "-" "http://topgbath.com/wp-admin/install.php?step=1"
58.147.185.211 - - [02/Sep/2026:03:28:56 -0400] "GET / HTTP/1.1" 301 0 "-" "Mozilla/5.0 (Windows NT 10.0; Win64; x64) AppleWebKit/537.36 (KHTML, like Gecko) Chrome/125.0.0.0 Safari/537.36"
143.244.147.85 - - [02/Sep/2026:04:05:53 -0400] "GET / HTTP/1.1" 301 0 "-" "Mozilla/5.0 (X11; Linux x86_64; rv:142.0) Gecko/20100101 Firefox/142.0"
143.244.147.85 - - [02/Sep/2026:04:05:54 -0400] "GET /favicon.ico HTTP/1.1" 404 1251 "http://topgbath.com/" "Mozilla/5.0 (X11; Linux x86_64; rv:142.0) Gecko/20100101 Firefox/142.0"
152.42.171.186 - - [02/Sep/2026:04:09:49 -0400] "GET /license.txt HTTP/1.1" 200 19903 "-" "Mozilla/5.0 (Windows NT 10.0; Win64; x64) AppleWebKit/537.36"
2a06:98c0:3600::103 - - [02/Sep/2026:04:45:18 -0400] "GET /wp-admin/install.php?step=1 HTTP/1.1" 200 547 "-" "http://topgbath.com/wp-admin/install.php?step=1"
2a06:98c0:3600::103 - - [02/Sep/2026:06:23:57 -0400] "GET /wp-admin/install.php?step=1 HTTP/1.1" 200 547 "-" "http://topgbath.com/wp-admin/install.php?step=1"
2a06:98c0:3600::103 - - [02/Sep/2026:08:05:32 -0400] "GET /wp-admin/install.php?step=1 HTTP/1.1" 200 547 "-" "http://topgbath.com/wp-admin/install.php?step=1"
8.228.115.53 - - [02/Sep/2026:08:08:59 -0400] "GET /media/system/js/core.js HTTP/1.1" 404 15748 "-" "Mozilla/5.0 (Macintosh; Intel Mac OS X 10_10_1) AppleWebKit/537.36 (KHTML, like Gecko) Chrome/39.0.2171.95 Safari/537.36"
34.21.57.127 - - [02/Sep/2026:08:18:56 -0400] "GET / HTTP/1.1" 301 0 "-" "Mozilla/5.0 (Windows NT 10.0; Win64; x64) AppleWebKit/537.36 (KHTML, like Gecko) Chrome/95.0.4638.69 Safari/537.36"
34.21.57.127 - - [02/Sep/2026:08:18:56 -0400] "GET / HTTP/1.1" 301 0 "-" "Mozilla/5.0 (Windows NT 10.0; Win64; x64) AppleWebKit/537.36 (KHTML, like Gecko) Chrome/95.0.4638.69 Safari/537.36"
204.197.172.202 - - [02/Sep/2026:09:55:03 -0400] "POST /wp-cron.php HTTP/1.1" 200 0 "-" "WordPress/7.1; https://topgbath.com"
66.249.66.201 - - [02/Sep/2026:11:02:34 -0400] "GET /robots.txt HTTP/1.1" 301 0 "-" "Mozilla/5.0 (compatible; Googlebot/2.1; +http://www.google.com/bot.html)"
66.249.66.45 - - [02/Sep/2026:11:02:34 -0400] "GET /robots.txt HTTP/1.1" 200 96 "-" "Mozilla/5.0 (compatible; Googlebot/2.1; +http://www.google.com/bot.html)"
104.198.72.98 - - [02/Sep/2026:11:10:16 -0400] "GET / HTTP/1.1" 301 0 "-" "Mozilla/5.0 (Windows NT 10.0; Win64; x64) AppleWebKit/537.36 (KHTML, like Gecko) Chrome/95.0.4638.69 Safari/537.36"
104.198.72.98 - - [02/Sep/2026:11:10:16 -0400] "GET / HTTP/1.1" 301 0 "-" "Mozilla/5.0 (Windows NT 10.0; Win64; x64) AppleWebKit/537.36 (KHTML, like Gecko) Chrome/95.0.4638.69 Safari/537.36"
2a06:98c0:3600::103 - - [02/Sep/2026:11:31:30 -0400] "GET /wp-admin/install.php?step=1 HTTP/1.1" 200 547 "-" "http://topgbath.com/wp-admin/install.php?step=1"
44.242.217.235 - - [02/Sep/2026:12:54:43 -0400] "GET / HTTP/1.1" 301 0 "-" "Mozilla/5.0 (Macintosh; Intel Mac OS X 10_13_6) AppleWebKit/537.36 (KHTML, like Gecko) Chrome/76.0.3809.100 Safari/537.36"
2a06:98c0:3600::103 - - [02/Sep/2026:13:12:59 -0400] "GET /wp-admin/install.php?step=1 HTTP/1.1" 200 547 "-" "http://topgbath.com/wp-admin/install.php?step=1"
23.20.33.233 - - [02/Sep/2026:13:20:25 -0400] "GET / HTTP/1.1" 301 0 "-" "Dalvik/2.1.0 (Linux; U; Android 8.0.0; SM-A520F Build/R16NW)"
2a06:98c0:3600::103 - - [02/Sep/2026:14:18:54 -0400] "GET /wp-admin/install.php?step=1 HTTP/1.1" 200 547 "-" "http://topgbath.com/wp-admin/install.php?step=1"
2a06:98c0:3600::103 - - [02/Sep/2026:15:59:14 -0400] "GET /wp-admin/install.php?step=1 HTTP/1.1" 200 547 "-" "http://topgbath.com/wp-admin/install.php?step=1"
178.73.229.17 - - [02/Sep/2026:16:21:35 -0400] "GET / HTTP/1.1" 301 0 "-" "Mozilla/5.0 (Windows NT 10.0; Win64; x64) AppleWebKit/537.36 (KHTML, like Gecko) Chrome/122.0.0.0 Safari/537.3"
2a06:98c0:3600::103 - - [02/Sep/2026:17:37:17 -0400] "GET /wp-admin/install.php?step=1 HTTP/1.1" 200 547 "-" "http://topgbath.com/wp-admin/install.php?step=1"
2a06:98c0:3600::103 - - [02/Sep/2026:19:16:08 -0400] "GET /wp-admin/install.php?step=1 HTTP/1.1" 200 547 "-" "http://topgbath.com/wp-admin/install.php?step=1"
2a06:98c0:3600::103 - - [02/Sep/2026:20:49:58 -0400] "GET /wp-admin/install.php?step=1 HTTP/1.1" 200 547 "-" "http://topgbath.com/wp-admin/install.php?step=1"
34.72.235.253 - - [02/Sep/2026:22:26:29 -0400] "GET /media/system/js/core.js HTTP/1.1" 301 0 "-" "Mozilla/5.0 (Macintosh; Intel Mac OS X 10_10_1) AppleWebKit/537.36 (KHTML, like Gecko) Chrome/39.0.2171.95 Safari/537.36"
34.72.235.253 - - [02/Sep/2026:22:26:29 -0400] "GET /media/system/js/core.js HTTP/1.1" 404 15764 "-" "Mozilla/5.0 (Macintosh; Intel Mac OS X 10_10_1) AppleWebKit/537.36 (KHTML, like Gecko) Chrome/39.0.2171.95 Safari/537.36"
34.72.235.253 - - [02/Sep/2026:22:26:34 -0400] "GET /media/system/js/core.js HTTP/1.1" 404 15751 "http://www.topgbath.com/media/system/js/core.js" "Mozilla/5.0 (Macintosh; Intel Mac OS X 10_10_1) AppleWebKit/537.36 (KHTML, like Gecko) Chrome/39.0.2171.95 Safari/537.36"
2a06:98c0:3600::103 - - [02/Sep/2026:22:29:21 -0400] "GET /wp-admin/install.php?step=1 HTTP/1.1" 200 547 "-" "http://topgbath.com/wp-admin/install.php?step=1"
34.72.235.253 - - [02/Sep/2026:22:50:10 -0400] "GET / HTTP/1.1" 301 0 "-" "Mozilla/5.0 (Windows NT 10.0; Win64; x64) AppleWebKit/537.36 (KHTML, like Gecko) Chrome/89.0.4389.114 Safari/537.36"
34.72.235.253 - - [02/Sep/2026:22:50:11 -0400] "GET / HTTP/1.1" 301 0 "-" "Mozilla/5.0 (Windows NT 10.0; Win64; x64) AppleWebKit/537.36 (KHTML, like Gecko) Chrome/89.0.4389.114 Safari/537.36"
2a06:98c0:3600::103 - - [03/Sep/2026:00:05:39 -0400] "GET /wp-admin/install.php?step=1 HTTP/1.1" 200 547 "-" "http://topgbath.com/wp-admin/install.php?step=1"
2a06:98c0:3600::103 - - [03/Sep/2026:01:42:30 -0400] "GET /wp-admin/install.php?step=1 HTTP/1.1" 200 547 "-" "http://topgbath.com/wp-admin/install.php?step=1"
2a06:98c0:3600::103 - - [03/Sep/2026:03:24:13 -0400] "GET /wp-admin/install.php?step=1 HTTP/1.1" 200 547 "-" "http://topgbath.com/wp-admin/install.php?step=1"
2a06:98c0:3600::103 - - [03/Sep/2026:04:42:31 -0400] "GET /wp-admin/install.php?step=1 HTTP/1.1" 200 547 "-" "http://topgbath.com/wp-admin/install.php?step=1"
136.109.32.50 - - [03/Sep/2026:04:54:46 -0400] "GET /media/system/js/core.js HTTP/1.1" 404 15750 "-" "Mozilla/5.0 (Macintosh; Intel Mac OS X 10_10_1) AppleWebKit/537.36 (KHTML, like Gecko) Chrome/39.0.2171.95 Safari/537.36"
136.109.32.50 - - [03/Sep/2026:05:44:55 -0400] "GET / HTTP/1.1" 301 0 "-" "Mozilla/5.0 (Windows NT 10.0; Win64; x64) AppleWebKit/537.36 (KHTML, like Gecko) Chrome/78.0.3904.108 Safari/537.36"
2a06:98c0:3600::103 - - [03/Sep/2026:06:19:01 -0400] "GET /wp-admin/install.php?step=1 HTTP/1.1" 200 547 "-" "http://topgbath.com/wp-admin/install.php?step=1"
158.173.77.142 - - [03/Sep/2026:09:18:49 -0400] "GET / HTTP/1.1" 301 0 "-" "Mozilla/5.0 (Macintosh; Intel Mac OS X 10_15_7) AppleWebKit/537.36 (KHTML, like Gecko) Chrome/125.0.0.0 Safari/537.36"
42.83.147.54 - - [03/Sep/2026:10:25:10 -0400] "GET / HTTP/1.1" 301 0 "-" "Mozilla/5.0 (Windows NT 6.1; Win64; x64) AppleWebKit/537.36 (KHTML, like Gecko)Chrome/74.0.3729.169 Safari/537.36"
66.249.66.38 - - [03/Sep/2026:13:11:36 -0400] "GET /robots.txt HTTP/1.1" 301 0 "-" "Mozilla/5.0 (compatible; Googlebot/2.1; +http://www.google.com/bot.html)"
66.249.66.73 - - [03/Sep/2026:13:11:36 -0400] "GET /robots.txt HTTP/1.1" 200 96 "-" "Mozilla/5.0 (compatible; Googlebot/2.1; +http://www.google.com/bot.html)"
192.71.44.22 - - [03/Sep/2026:19:27:47 -0400] "GET / HTTP/1.1" 301 0 "-" "Mozilla/5.0 (Android 14; Mobile; rv:123.0) Gecko/123.0 Firefox/123"
64.140.130.178 - - [03/Sep/2026:21:07:41 -0400] "GET /robots.txt HTTP/1.1" 200 109 "-" "Mozilla/5.0 (Macintosh; Intel Mac OS X 10_15_7) AppleWebKit/537.36 (KHTML, like Gecko) Chrome/115.0.0.0 Safari/537.36"
64.140.130.178 - - [03/Sep/2026:21:07:42 -0400] "GET / HTTP/1.1" 301 0 "-" "Mozilla/5.0 (Macintosh; Intel Mac OS X 10_15_7) AppleWebKit/537.36 (KHTML, like Gecko) Chrome/115.0.0.0 Safari/537.36"
2a06:98c0:3600::103 - - [04/Sep/2026:01:50:36 -0400] "GET /wp-admin/install.php?step=1 HTTP/1.1" 200 547 "-" "http://topgbath.com/wp-admin/install.php?step=1"
2a06:98c0:3600::103 - - [04/Sep/2026:03:26:56 -0400] "GET /wp-admin/install.php?step=1 HTTP/1.1" 200 547 "-" "http://topgbath.com/wp-admin/install.php?step=1"
146.70.160.254 - - [04/Sep/2026:04:53:11 -0400] "GET / HTTP/1.1" 301 0 "-" "Mozilla/5.0 (Windows NT 10.0; Win64; x64) AppleWebKit/537.36 (KHTML, like Gecko) Chrome/78.0.3904.108 Safari/537.36"
43.163.112.239 - - [04/Sep/2026:05:00:20 -0400] "GET / HTTP/1.1" 301 0 "-" "Mozilla/5.0 (iPhone; CPU iPhone OS 13_2_3 like Mac OS X) AppleWebKit/605.1.15 (KHTML, like Gecko) Version/13.0.3 Mobile/15E148 Safari/604.1"
2a06:98c0:3600::103 - - [04/Sep/2026:05:05:52 -0400] "GET /wp-admin/install.php?step=1 HTTP/1.1" 200 547 "-" "http://topgbath.com/wp-admin/install.php?step=1"
137.184.33.21 - - [04/Sep/2026:05:07:15 -0400] "GET / HTTP/1.1" 301 0 "-" "Mozilla/5.0 (X11; Linux x86_64; rv:142.0) Gecko/20100101 Firefox/142.0"
137.184.33.21 - - [04/Sep/2026:05:07:15 -0400] "GET /favicon.ico HTTP/1.1" 404 1251 "http://topgbath.com/" "Mozilla/5.0 (X11; Linux x86_64; rv:142.0) Gecko/20100101 Firefox/142.0"
49.233.45.47 - - [04/Sep/2026:05:42:21 -0400] "GET / HTTP/1.1" 301 0 "-" "Mozilla/5.0 (iPhone; CPU iPhone OS 13_2_3 like Mac OS X) AppleWebKit/605.1.15 (KHTML, like Gecko) Version/13.0.3 Mobile/15E148 Safari/604.1"
43.130.31.17 - - [04/Sep/2026:05:44:27 -0400] "GET / HTTP/1.1" 301 0 "-" "Mozilla/5.0 (iPhone; CPU iPhone OS 13_2_3 like Mac OS X) AppleWebKit/605.1.15 (KHTML, like Gecko) Version/13.0.3 Mobile/15E148 Safari/604.1"
2a06:98c0:3600::103 - - [04/Sep/2026:06:46:47 -0400] "GET /wp-admin/install.php?step=1 HTTP/1.1" 200 547 "-" "http://topgbath.com/wp-admin/install.php?step=1"
2a06:98c0:3600::103 - - [04/Sep/2026:08:25:21 -0400] "GET /wp-admin/install.php?step=1 HTTP/1.1" 200 547 "-" "http://topgbath.com/wp-admin/install.php?step=1"
104.218.199.239 - - [04/Sep/2026:09:42:57 -0400] "GET /robots.txt HTTP/1.1" 200 113 "-" "Mozilla/5.0 (iPhone; CPU iPhone OS 17_4_1 like Mac OS X) AppleWebKit/605.1.15 (KHTML, like Gecko) Version/17.4 Mobile/15E148 Safari/604.1"
2a06:98c0:3600::103 - - [04/Sep/2026:10:13:16 -0400] "GET /wp-admin/install.php?step=1 HTTP/1.1" 200 547 "-" "http://topgbath.com/wp-admin/install.php?step=1"
34.55.61.201 - - [04/Sep/2026:10:41:16 -0400] "GET / HTTP/1.1" 301 0 "-" "Go-http-client/1.1"
199.244.88.226 - - [04/Sep/2026:11:08:00 -0400] "GET / HTTP/1.1" 301 0 "-" "Mozilla/5.0 (X11; Linux x86_64) AppleWebKit/537.36 (KHTML, like Gecko) Chrome/105.0.0.0 Safari/537.36"
2a06:98c0:3600::103 - - [04/Sep/2026:11:57:00 -0400] "GET /wp-admin/install.php?step=1 HTTP/1.1" 200 547 "-" "http://topgbath.com/wp-admin/install.php?step=1"
54.211.24.215 - - [04/Sep/2026:12:10:26 -0400] "GET / HTTP/1.1" 301 0 "-" "Mozilla/5.0 (Linux; U; Android 11; zh-CN; V2121A Build/RP1A.200720.012) AppleWebKit/537.36 (KHTML, like Gecko) Version/4.0 Chrome/78.0.3904.108 Quark/5.4.9.201 Mobile Safari/537.36"
2a06:98c0:3600::103 - - [04/Sep/2026:13:36:22 -0400] "GET /wp-admin/install.php?step=1 HTTP/1.1" 200 547 "-" "http://topgbath.com/wp-admin/install.php?step=1"
2a06:98c0:3600::103 - - [04/Sep/2026:15:15:44 -0400] "GET /wp-admin/install.php?step=1 HTTP/1.1" 200 547 "-" "http://topgbath.com/wp-admin/install.php?step=1"
2a06:98c0:3600::103 - - [04/Sep/2026:16:57:04 -0400] "GET /wp-admin/install.php?step=1 HTTP/1.1" 200 547 "-" "http://topgbath.com/wp-admin/install.php?step=1"
3.252.107.226 - - [04/Sep/2026:17:09:40 -0400] "HEAD / HTTP/1.1" 301 0 "-" "Mozilla/5.0 (compatible; DefaultsExposed/1.0; +https://defaults.exposed/headers)"
204.197.172.202 - - [04/Sep/2026:23:02:33 +0000] "GET /.well-known/acme-challenge/Z_ORKHDZRPVX7V64USUM97TAN71UU7VQ HTTP/1.1" 200 64 "-" "Cpanel-HTTP-Client/1.0"
204.197.172.202 - - [04/Sep/2026:23:02:33 +0000] "GET /.well-known/acme-challenge/QNPNL9YYE14PEVVEIH3P119KF_PNHI39 HTTP/1.1" 200 64 "-" "Cpanel-HTTP-Client/1.0"
23.252.112.82 - - [04/Sep/2026:23:02:33 +0000] "GET /.well-known/acme-challenge/1R426N-86F06PJO7AQN_RLC0E_ECUKER HTTP/1.1" 200 64 "-" "Cpanel-HTTP-Client/1.0"
23.252.112.82 - - [04/Sep/2026:23:02:33 +0000] "GET /.well-known/acme-challenge/17PP34RBFYNYET35_36AA42YZ-90NKU_ HTTP/1.1" 200 64 "-" "Cpanel-HTTP-Client/1.0"
204.197.172.202 - - [04/Sep/2026:23:03:03 +0000] "GET /robots.txt HTTP/1.1" 200 109 "-" "Mozilla/5.0 (X11; CrOS x86_64 14541.0.0) AppleWebKit/537.36 (KHTML, like Gecko) Chrome/121.0.0.0 Safari/537.3"
204.197.172.202 - - [04/Sep/2026:23:03:04 +0000] "GET /llms.txt HTTP/1.1" 404 19359 "-" "Mozilla/5.0 (X11; CrOS x86_64 14541.0.0) AppleWebKit/537.36 (KHTML, like Gecko) Chrome/121.0.0.0 Safari/537.3"
204.197.172.202 - - [04/Sep/2026:23:03:06 +0000] "GET / HTTP/1.1" 301 0 "-" "Mozilla/5.0 (X11; CrOS x86_64 14541.0.0) AppleWebKit/537.36 (KHTML, like Gecko) Chrome/121.0.0.0 Safari/537.3"
204.197.172.202 - - [05/Sep/2026:00:12:00 +0000] "GET /wp-admin/install.php?step=1 HTTP/1.1" 200 547 "-" "http://topgbath.com/wp-admin/install.php?step=1"
204.197.172.202 - - [05/Sep/2026:00:49:27 +0000] "GET /.well-known/acme-challenge/NJG22XAWOLSPZY_LZ1WVU6Z-EGS0FFWC HTTP/1.1" 200 64 "-" "Cpanel-HTTP-Client/1.0"
204.197.172.202 - - [05/Sep/2026:00:49:28 +0000] "GET /.well-known/acme-challenge/YZ1DVY7O39N8J-9-BMTJ_EYKJ9NNORCH HTTP/1.1" 200 64 "-" "Cpanel-HTTP-Client/1.0"
23.252.112.82 - - [05/Sep/2026:00:49:28 +0000] "GET /.well-known/acme-challenge/9BG7T_CSE-RYSY3ZA-RR2T1DWZBPR_CB HTTP/1.1" 200 64 "-" "Cpanel-HTTP-Client/1.0"
23.252.112.82 - - [05/Sep/2026:00:49:28 +0000] "GET /.well-known/acme-challenge/7431VJLPTQHWEL8QNTQAGOU2ROIEU8FF HTTP/1.1" 200 64 "-" "Cpanel-HTTP-Client/1.0"
204.197.172.202 - - [05/Sep/2026:01:01:38 +0000] "GET /.well-known/acme-challenge/BIH3JD1FP343-6DVBQBWTEU36ZK84H88 HTTP/1.1" 200 64 "-" "Cpanel-HTTP-Client/1.0"
204.197.172.202 - - [05/Sep/2026:01:01:38 +0000] "GET /.well-known/acme-challenge/TZDXXH5AS83JQX4HYMJ4RC929Y9V4BAR HTTP/1.1" 200 64 "-" "Cpanel-HTTP-Client/1.0"
23.252.112.82 - - [05/Sep/2026:01:01:38 +0000] "GET /.well-known/acme-challenge/CC68NVO1ZA0TAJHYN_4XHOBG8JPEGZLY HTTP/1.1" 200 64 "-" "Cpanel-HTTP-Client/1.0"
23.252.112.82 - - [05/Sep/2026:01:01:38 +0000] "GET /.well-known/acme-challenge/N06V9XCAK31VLX8UEAM1M3VWTIH1SDBO HTTP/1.1" 200 64 "-" "Cpanel-HTTP-Client/1.0"
204.197.172.202 - - [05/Sep/2026:01:10:44 +0000] "GET / HTTP/1.1" 301 0 "-" "Mozilla/5.0 (Windows NT 10.0; Win64; x64) AppleWebKit/537.36 (KHTML, like Gecko) Chrome/78.0.3904.108 Safari/537.36"